{"id":861,"date":"2020-07-27T00:28:37","date_gmt":"2020-07-26T22:28:37","guid":{"rendered":"http:\/\/bpzoliborz.pl\/bpzoliborz\/?page_id=861"},"modified":"2025-01-29T10:02:44","modified_gmt":"2025-01-29T09:02:44","slug":"o-nas-2","status":"publish","type":"page","link":"https:\/\/bpzoliborz.pl\/bpzoliborz\/index.php\/o-nas-2\/","title":{"rendered":"O nas"},"content":{"rendered":"\t\t<div data-elementor-type=\"wp-page\" data-elementor-id=\"861\" class=\"elementor elementor-861\">\n\t\t\t\t\t\t<div class=\"elementor-inner\">\n\t\t\t\t<div class=\"elementor-section-wrap\">\n\t\t\t\t\t\t\t\t\t<section class=\"elementor-section elementor-top-section elementor-element elementor-element-da4baea elementor-section-boxed elementor-section-height-default elementor-section-height-default exad-glass-effect-no exad-sticky-section-no\" data-id=\"da4baea\" data-element_type=\"section\">\n\t\t\t\t\t\t<div class=\"elementor-container elementor-column-gap-default\">\n\t\t\t\t\t\t\t<div class=\"elementor-row\">\n\t\t\t\t\t<div class=\"elementor-column elementor-col-100 elementor-top-column elementor-element elementor-element-55de5e7 exad-glass-effect-no exad-sticky-section-no\" data-id=\"55de5e7\" data-element_type=\"column\">\n\t\t\t<div class=\"elementor-column-wrap elementor-element-populated\">\n\t\t\t\t\t\t\t<div class=\"elementor-widget-wrap\">\n\t\t\t\t\t\t<div class=\"elementor-element elementor-element-7669ff3 exad-sticky-section-no exad-glass-effect-no elementor-widget elementor-widget-spacer\" data-id=\"7669ff3\" data-element_type=\"widget\" data-widget_type=\"spacer.default\">\n\t\t\t\t<div class=\"elementor-widget-container\">\n\t\t\t\t\t<div class=\"elementor-spacer\">\n\t\t\t<div class=\"elementor-spacer-inner\"><\/div>\n\t\t<\/div>\n\t\t\t\t<\/div>\n\t\t\t\t<\/div>\n\t\t\t\t\t\t<\/div>\n\t\t\t\t\t<\/div>\n\t\t<\/div>\n\t\t\t\t\t\t\t\t<\/div>\n\t\t\t\t\t<\/div>\n\t\t<\/section>\n\t\t\t\t<section class=\"elementor-section elementor-top-section elementor-element elementor-element-fb3546e elementor-section-boxed elementor-section-height-default elementor-section-height-default exad-glass-effect-no exad-sticky-section-no\" data-id=\"fb3546e\" data-element_type=\"section\">\n\t\t\t\t\t\t<div class=\"elementor-container elementor-column-gap-default\">\n\t\t\t\t\t\t\t<div class=\"elementor-row\">\n\t\t\t\t\t<div class=\"elementor-column elementor-col-100 elementor-top-column elementor-element elementor-element-478eb7d exad-glass-effect-no exad-sticky-section-no\" data-id=\"478eb7d\" data-element_type=\"column\">\n\t\t\t<div class=\"elementor-column-wrap elementor-element-populated\">\n\t\t\t\t\t\t\t<div class=\"elementor-widget-wrap\">\n\t\t\t\t\t\t<div class=\"elementor-element elementor-element-ef19451 exad-sticky-section-no exad-glass-effect-no elementor-widget elementor-widget-heading\" data-id=\"ef19451\" data-element_type=\"widget\" data-widget_type=\"heading.default\">\n\t\t\t\t<div class=\"elementor-widget-container\">\n\t\t\t<h2 class=\"elementor-heading-title elementor-size-default\">O nas<\/h2>\t\t<\/div>\n\t\t\t\t<\/div>\n\t\t\t\t\t\t<\/div>\n\t\t\t\t\t<\/div>\n\t\t<\/div>\n\t\t\t\t\t\t\t\t<\/div>\n\t\t\t\t\t<\/div>\n\t\t<\/section>\n\t\t\t\t<section class=\"elementor-section elementor-top-section elementor-element elementor-element-7ce3ad8 elementor-section-boxed elementor-section-height-default elementor-section-height-default exad-glass-effect-no exad-sticky-section-no\" data-id=\"7ce3ad8\" data-element_type=\"section\">\n\t\t\t\t\t\t<div class=\"elementor-container elementor-column-gap-default\">\n\t\t\t\t\t\t\t<div class=\"elementor-row\">\n\t\t\t\t\t<div class=\"elementor-column elementor-col-100 elementor-top-column elementor-element elementor-element-1ee9764 exad-glass-effect-no exad-sticky-section-no\" data-id=\"1ee9764\" data-element_type=\"column\">\n\t\t\t<div class=\"elementor-column-wrap elementor-element-populated\">\n\t\t\t\t\t\t\t<div class=\"elementor-widget-wrap\">\n\t\t\t\t\t\t<div class=\"elementor-element elementor-element-95bdba8 exad-sticky-section-no exad-glass-effect-no elementor-widget elementor-widget-spacer\" data-id=\"95bdba8\" data-element_type=\"widget\" data-widget_type=\"spacer.default\">\n\t\t\t\t<div class=\"elementor-widget-container\">\n\t\t\t\t\t<div class=\"elementor-spacer\">\n\t\t\t<div class=\"elementor-spacer-inner\"><\/div>\n\t\t<\/div>\n\t\t\t\t<\/div>\n\t\t\t\t<\/div>\n\t\t\t\t\t\t<\/div>\n\t\t\t\t\t<\/div>\n\t\t<\/div>\n\t\t\t\t\t\t\t\t<\/div>\n\t\t\t\t\t<\/div>\n\t\t<\/section>\n\t\t\t\t<section class=\"elementor-section elementor-top-section elementor-element elementor-element-4e9634f elementor-section-boxed elementor-section-height-default elementor-section-height-default exad-glass-effect-no exad-sticky-section-no\" data-id=\"4e9634f\" data-element_type=\"section\">\n\t\t\t\t\t\t<div class=\"elementor-container elementor-column-gap-default\">\n\t\t\t\t\t\t\t<div class=\"elementor-row\">\n\t\t\t\t\t<div class=\"elementor-column elementor-col-100 elementor-top-column elementor-element elementor-element-8aeee2a exad-glass-effect-no exad-sticky-section-no\" data-id=\"8aeee2a\" data-element_type=\"column\">\n\t\t\t<div class=\"elementor-column-wrap elementor-element-populated\">\n\t\t\t\t\t\t\t<div class=\"elementor-widget-wrap\">\n\t\t\t\t\t\t<section class=\"elementor-section elementor-inner-section elementor-element elementor-element-3007225 elementor-section-boxed elementor-section-height-default elementor-section-height-default exad-glass-effect-no exad-sticky-section-no\" data-id=\"3007225\" data-element_type=\"section\">\n\t\t\t\t\t\t<div class=\"elementor-container elementor-column-gap-default\">\n\t\t\t\t\t\t\t<div class=\"elementor-row\">\n\t\t\t\t\t<div class=\"elementor-column elementor-col-100 elementor-inner-column elementor-element elementor-element-895d045 exad-glass-effect-no exad-sticky-section-no\" data-id=\"895d045\" data-element_type=\"column\">\n\t\t\t<div class=\"elementor-column-wrap elementor-element-populated\">\n\t\t\t\t\t\t\t<div class=\"elementor-widget-wrap\">\n\t\t\t\t\t\t<div class=\"elementor-element elementor-element-6b4c03a exad-sticky-section-no exad-glass-effect-no elementor-widget elementor-widget-heading\" data-id=\"6b4c03a\" data-element_type=\"widget\" data-widget_type=\"heading.default\">\n\t\t\t\t<div class=\"elementor-widget-container\">\n\t\t\t<h2 class=\"elementor-heading-title elementor-size-default\">Struktura organizacyjna<\/h2>\t\t<\/div>\n\t\t\t\t<\/div>\n\t\t\t\t<div class=\"elementor-element elementor-element-f2211a2 exad-sticky-section-no exad-glass-effect-no elementor-widget elementor-widget-text-editor\" data-id=\"f2211a2\" data-element_type=\"widget\" data-widget_type=\"text-editor.default\">\n\t\t\t\t<div class=\"elementor-widget-container\">\n\t\t\t\t\t\t\t\t<div class=\"elementor-text-editor elementor-clearfix\">\n\t\t\t\t<p>Biblioteka jest samorz\u0105dow\u0105 instytucj\u0105 kultury, dzia\u0142aj\u0105c\u0105 w obr\u0119bie og\u00f3lnokrajowej sieci bibliotek. Nadz\u00f3r nad Bibliotek\u0105 sprawuj\u0105 organy m. st. Warszawy oraz w zakresie kompetencji przyznanych Dzielnicy \u017boliborz m.st. Warszawy \u2013 Rada i Zarz\u0105d Dzielnicy \u017boliborz m.st. Warszawy. Biblioteka jest samodzieln\u0105 jednostk\u0105 organizacyjn\u0105 posiadaj\u0105c\u0105 osobowo\u015b\u0107 prawn\u0105 i jest wpisana do Rejestru Instytucji Kultury m.st. Warszawy.<\/p><p>Funkcjonowanie instytucji, jej zadania i cele, w znacznym stopniu reguluj\u0105 obowi\u0105zuj\u0105ce akty prawne. Biblioteka Publiczna w Dzielnicy \u017boliborz m.st. Warszawy dzia\u0142a przede wszystkim na podstawie:<\/p><p>&#8211; Ustawy z dnia 27 czerwca 1997 r. o bibliotekach ( Dz. U. z 2012 r. poz. 642, z p\u00f3zn. zm.);<\/p><p>&#8211; Ustawy z dnia 25 pa\u017adziernika 1991 r. o organizowaniu i prowadzeniu dzia\u0142alno\u015bci kulturalnej\u00a0\u00a0\u00a0\u00a0\u00a0\u00a0 ( Dz. U. z 2012 r. poz. 406, z p\u00f3\u017an. zm.);<\/p><p>&#8211; Statutu Biblioteki Publicznej\u00a0 w Dzielnicy \u017boliborz m.st. Warszawy;<\/p><p>&#8211; Regulaminu organizacyjnego Biblioteki Publicznej\u00a0 w Dzielnicy \u017boliborz m.st. Warszawy.<\/p><p>Siedziba g\u0142\u00f3wna Biblioteki znajduje si\u0119 przy pl. Inwalid\u00f3w 3, w budynku\u00a0 znajduj\u0105cym si\u0119 na obszarze wpisanym do rejestru zabytk\u00f3w. Czytelnicy maj\u0105 tu do dyspozycji Czytelni\u0119 Naukow\u0105 wyposa\u017con\u0105\u00a0 w sal\u0119 z czytelni\u0105 ksi\u0105\u017cek i czytelni\u0105 prasy oraz stanowiska komputerowe z bezp\u0142atnym dost\u0119pem do Internetu.<\/p><p>Biblioteka prowadzi trzy Oddzia\u0142y: Czytelni\u0119 Naukow\u0105 nr XVI przy pl. Inwalid\u00f3w 3, Wypo\u017cyczalni\u0119 dla Doros\u0142ych i M\u0142odzie\u017cy nr 16 przy ul. J. S\u0142owackiego 19A oraz Bibliotek\u0119 dla Dzieci i M\u0142odzie\u017cy nr XV przy ul. Broniewskiego 9a. W strukturze naszej Biblioteki s\u0105 r\u00f3wnie\u017c cztery filie: Biblioteka dla Doros\u0142ych i M\u0142odzie\u017cy nr 138 przy ul. Broniewskiego 9a, Biblioteka dla Dzieci i M\u0142odzie\u017cy nr XX oraz Wypo\u017cyczalnia dla Doros\u0142ych i M\u0142odzie\u017cy nr 13 przy ul. \u015amia\u0142ej 24 a tak\u017ce Biblioteka dla Doros\u0142ych, M\u0142odzie\u017cy i Dzieci nr 111 przy ul. Mickiewicza 65 i Czytelnia Pod Sowami przy ul. Gen. Zaj\u0105czka 8, kt\u00f3ra pe\u0142ni te\u017c funkcj\u0119 Miejsca Aktywno\u015bci Lokalnej.<\/p><p>Biblioteka jest instytucj\u0105 kultury otwart\u0105 dla wszystkich mieszka\u0144c\u00f3w\u00a0 Warszawy. Wspiera dzia\u0142ania lokalne na rzecz mieszka\u0144c\u00f3w, aktywuje senior\u00f3w, integruje spo\u0142eczno\u015b\u0107 lokaln\u0105. S\u0142u\u017cy zaspokajaniu potrzeb czytelniczych, informacyjnych, kulturalnych i edukacyjnych.\u00a0 Jej zbiory licz\u0105 ok 130 tysi\u0119cy jednostek inwentarzowych. Biblioteka gromadzi, opracowuje i udost\u0119pnia ksi\u0105\u017cki, czasopisma, zbiory audiowizualne: audiobooki i filmy. Anga\u017cuje si\u0119 w zadania zwi\u0105zane z dokumentacj\u0105, ochron\u0105 i promocj\u0105 dziedzictwa kulturowego dzielnicy i jej historii.<\/p><p>W pe\u0142ni skomputeryzowany system biblioteczny MATEUSZ umo\u017cliwia czytelnikowi dost\u0119p online do katalog\u00f3w i w\u0142asnego konta, pozwala na dokonywanie rezerwacji i prolongat.<\/p><p>Bardzo wa\u017cne w pracy Biblioteki s\u0105 r\u00f3\u017cnorodne formy dzia\u0142alno\u015bci edukacyjno &#8211; kulturalnej. Oferta obejmuje mi\u0119dzy innymi: zaj\u0119cia dla najm\u0142odszych, lekcje biblioteczne dla dzieci i m\u0142odzie\u017cy, spotkania z pisarzami i lud\u017ami kultury, lokalnymi tw\u00f3rcami, wyk\u0142ady, odczyty i prelekcje dotycz\u0105ce historii Warszawy oraz wystawy tematyczne.<\/p><p>Otwieraj\u0105c si\u0119 na potrzeby \u015brodowiska, od 2016 r. wyd\u0142u\u017cone zosta\u0142y godziny otwarcia wszystkich plac\u00f3wek oraz po remoncie Wypo\u017cyczalni nr 16 przy ul. S\u0142owackiego 19a, biblioteka ta zosta\u0142a otwarta r\u00f3wnie\u017c w soboty.<\/p>\t\t\t\t\t<\/div>\n\t\t\t\t\t\t<\/div>\n\t\t\t\t<\/div>\n\t\t\t\t\t\t<\/div>\n\t\t\t\t\t<\/div>\n\t\t<\/div>\n\t\t\t\t\t\t\t\t<\/div>\n\t\t\t\t\t<\/div>\n\t\t<\/section>\n\t\t\t\t\t\t<\/div>\n\t\t\t\t\t<\/div>\n\t\t<\/div>\n\t\t\t\t\t\t\t\t<\/div>\n\t\t\t\t\t<\/div>\n\t\t<\/section>\n\t\t\t\t<section class=\"elementor-section elementor-top-section elementor-element elementor-element-113c6eb elementor-section-boxed elementor-section-height-default elementor-section-height-default exad-glass-effect-no exad-sticky-section-no\" data-id=\"113c6eb\" data-element_type=\"section\">\n\t\t\t\t\t\t<div class=\"elementor-container elementor-column-gap-default\">\n\t\t\t\t\t\t\t<div class=\"elementor-row\">\n\t\t\t\t\t<div class=\"elementor-column elementor-col-100 elementor-top-column elementor-element elementor-element-01693af exad-glass-effect-no exad-sticky-section-no\" data-id=\"01693af\" data-element_type=\"column\">\n\t\t\t<div class=\"elementor-column-wrap elementor-element-populated\">\n\t\t\t\t\t\t\t<div class=\"elementor-widget-wrap\">\n\t\t\t\t\t\t<div class=\"elementor-element elementor-element-c74a5ba exad-sticky-section-no exad-glass-effect-no elementor-widget elementor-widget-spacer\" data-id=\"c74a5ba\" data-element_type=\"widget\" data-widget_type=\"spacer.default\">\n\t\t\t\t<div class=\"elementor-widget-container\">\n\t\t\t\t\t<div class=\"elementor-spacer\">\n\t\t\t<div class=\"elementor-spacer-inner\"><\/div>\n\t\t<\/div>\n\t\t\t\t<\/div>\n\t\t\t\t<\/div>\n\t\t\t\t\t\t<\/div>\n\t\t\t\t\t<\/div>\n\t\t<\/div>\n\t\t\t\t\t\t\t\t<\/div>\n\t\t\t\t\t<\/div>\n\t\t<\/section>\n\t\t\t\t<section class=\"elementor-section elementor-top-section elementor-element elementor-element-0f1af03 elementor-section-boxed elementor-section-height-default elementor-section-height-default exad-glass-effect-no exad-sticky-section-no\" data-id=\"0f1af03\" data-element_type=\"section\">\n\t\t\t\t\t\t<div class=\"elementor-container elementor-column-gap-default\">\n\t\t\t\t\t\t\t<div class=\"elementor-row\">\n\t\t\t\t\t<div class=\"elementor-column elementor-col-100 elementor-top-column elementor-element elementor-element-601d4ad exad-glass-effect-no exad-sticky-section-no\" data-id=\"601d4ad\" data-element_type=\"column\">\n\t\t\t<div class=\"elementor-column-wrap elementor-element-populated\">\n\t\t\t\t\t\t\t<div class=\"elementor-widget-wrap\">\n\t\t\t\t\t\t<section class=\"elementor-section elementor-inner-section elementor-element elementor-element-0e8ce13 elementor-section-boxed elementor-section-height-default elementor-section-height-default exad-glass-effect-no exad-sticky-section-no\" data-id=\"0e8ce13\" data-element_type=\"section\">\n\t\t\t\t\t\t<div class=\"elementor-container elementor-column-gap-default\">\n\t\t\t\t\t\t\t<div class=\"elementor-row\">\n\t\t\t\t\t<div class=\"elementor-column elementor-col-100 elementor-inner-column elementor-element elementor-element-0e59abe exad-glass-effect-no exad-sticky-section-no\" data-id=\"0e59abe\" data-element_type=\"column\">\n\t\t\t<div class=\"elementor-column-wrap elementor-element-populated\">\n\t\t\t\t\t\t\t<div class=\"elementor-widget-wrap\">\n\t\t\t\t\t\t<div class=\"elementor-element elementor-element-7470c4e exad-sticky-section-no exad-glass-effect-no elementor-widget elementor-widget-heading\" data-id=\"7470c4e\" data-element_type=\"widget\" data-widget_type=\"heading.default\">\n\t\t\t\t<div class=\"elementor-widget-container\">\n\t\t\t<h2 class=\"elementor-heading-title elementor-size-default\">Misja Biblioteki<\/h2>\t\t<\/div>\n\t\t\t\t<\/div>\n\t\t\t\t<div class=\"elementor-element elementor-element-6352e03 exad-sticky-section-no exad-glass-effect-no elementor-widget elementor-widget-text-editor\" data-id=\"6352e03\" data-element_type=\"widget\" data-widget_type=\"text-editor.default\">\n\t\t\t\t<div class=\"elementor-widget-container\">\n\t\t\t\t\t\t\t\t<div class=\"elementor-text-editor elementor-clearfix\">\n\t\t\t\t<p>Tworzymy przyjazne warunki dost\u0119pu do informacji, kultury i edukacji po to, by ka\u017cdy mieszkaniec m\u00f3g\u0142 powiedzie\u0107: <strong><em>Biblioteka to moje miejsce<\/em>.<\/strong><\/p><p>Misj\u0105 Biblioteki jest rozwijanie i zaspokajanie potrzeb czytelniczych spo\u0142ecze\u0144stwa, a tak\u017ce upowszechnianie wiedzy i kultury w\u015br\u00f3d odbiorc\u00f3w. Do statutowych cel\u00f3w i zada\u0144 instytucji nale\u017c\u0105 m.in.:<\/p><p>&#8211; gromadzenie, opracowywanie, przechowywanie i udost\u0119pnianie materia\u0142\u00f3w bibliotecznych na zewn\u0105trz i w formie prezencyjnej (na miejscu);<\/p><p>&#8211; promowanie czytelnictwa i ksi\u0105\u017cek;<\/p><p>&#8211; wsp\u00f3\u0142praca z bibliotekami innych sieci, instytucjami kultury, organizacjami w celu zaspokajania potrzeb mieszka\u0144c\u00f3w;<\/p><p>&#8211; podejmowanie dzia\u0142a\u0144 wynikaj\u0105cych z potrzeb mieszka\u0144c\u00f3w oraz realizacji polityki o\u015bwiatowej, kulturalnej, informacyjnej m.st. Warszawy oraz upowszechniania wiedzy i kultury;<\/p><p>&#8211; kszta\u0142towanie postaw spo\u0142ecznych dzieci i m\u0142odzie\u017cy;<\/p><p>&#8211; promowanie dzia\u0142alno\u015bci i us\u0142ug Biblioteki w grupach czytelniczych i spo\u0142eczno\u015bciach lokalnych.<\/p>\t\t\t\t\t<\/div>\n\t\t\t\t\t\t<\/div>\n\t\t\t\t<\/div>\n\t\t\t\t\t\t<\/div>\n\t\t\t\t\t<\/div>\n\t\t<\/div>\n\t\t\t\t\t\t\t\t<\/div>\n\t\t\t\t\t<\/div>\n\t\t<\/section>\n\t\t\t\t\t\t<\/div>\n\t\t\t\t\t<\/div>\n\t\t<\/div>\n\t\t\t\t\t\t\t\t<\/div>\n\t\t\t\t\t<\/div>\n\t\t<\/section>\n\t\t\t\t<section class=\"elementor-section elementor-top-section elementor-element elementor-element-5b560ff elementor-section-boxed elementor-section-height-default elementor-section-height-default exad-glass-effect-no exad-sticky-section-no\" data-id=\"5b560ff\" data-element_type=\"section\">\n\t\t\t\t\t\t<div class=\"elementor-container elementor-column-gap-default\">\n\t\t\t\t\t\t\t<div class=\"elementor-row\">\n\t\t\t\t\t<div class=\"elementor-column elementor-col-100 elementor-top-column elementor-element elementor-element-c3d658b exad-glass-effect-no exad-sticky-section-no\" data-id=\"c3d658b\" data-element_type=\"column\">\n\t\t\t<div class=\"elementor-column-wrap elementor-element-populated\">\n\t\t\t\t\t\t\t<div class=\"elementor-widget-wrap\">\n\t\t\t\t\t\t<div class=\"elementor-element elementor-element-a0c5b47 exad-sticky-section-no exad-glass-effect-no elementor-widget elementor-widget-spacer\" data-id=\"a0c5b47\" data-element_type=\"widget\" data-widget_type=\"spacer.default\">\n\t\t\t\t<div class=\"elementor-widget-container\">\n\t\t\t\t\t<div class=\"elementor-spacer\">\n\t\t\t<div class=\"elementor-spacer-inner\"><\/div>\n\t\t<\/div>\n\t\t\t\t<\/div>\n\t\t\t\t<\/div>\n\t\t\t\t\t\t<\/div>\n\t\t\t\t\t<\/div>\n\t\t<\/div>\n\t\t\t\t\t\t\t\t<\/div>\n\t\t\t\t\t<\/div>\n\t\t<\/section>\n\t\t\t\t<section class=\"elementor-section elementor-top-section elementor-element elementor-element-e1a7b8f elementor-section-boxed elementor-section-height-default elementor-section-height-default exad-glass-effect-no exad-sticky-section-no\" data-id=\"e1a7b8f\" data-element_type=\"section\">\n\t\t\t\t\t\t<div class=\"elementor-container elementor-column-gap-default\">\n\t\t\t\t\t\t\t<div class=\"elementor-row\">\n\t\t\t\t\t<div class=\"elementor-column elementor-col-100 elementor-top-column elementor-element elementor-element-3ffeb43 exad-glass-effect-no exad-sticky-section-no\" data-id=\"3ffeb43\" data-element_type=\"column\">\n\t\t\t<div class=\"elementor-column-wrap elementor-element-populated\">\n\t\t\t\t\t\t\t<div class=\"elementor-widget-wrap\">\n\t\t\t\t\t\t<section class=\"elementor-section elementor-inner-section elementor-element elementor-element-471c520 elementor-section-boxed elementor-section-height-default elementor-section-height-default exad-glass-effect-no exad-sticky-section-no\" data-id=\"471c520\" data-element_type=\"section\">\n\t\t\t\t\t\t<div class=\"elementor-container elementor-column-gap-default\">\n\t\t\t\t\t\t\t<div class=\"elementor-row\">\n\t\t\t\t\t<div class=\"elementor-column elementor-col-100 elementor-inner-column elementor-element elementor-element-92ae7ec exad-glass-effect-no exad-sticky-section-no\" data-id=\"92ae7ec\" data-element_type=\"column\">\n\t\t\t<div class=\"elementor-column-wrap elementor-element-populated\">\n\t\t\t\t\t\t\t<div class=\"elementor-widget-wrap\">\n\t\t\t\t\t\t<div class=\"elementor-element elementor-element-4b3ec33 exad-sticky-section-no exad-glass-effect-no elementor-widget elementor-widget-heading\" data-id=\"4b3ec33\" data-element_type=\"widget\" data-widget_type=\"heading.default\">\n\t\t\t\t<div class=\"elementor-widget-container\">\n\t\t\t<h2 class=\"elementor-heading-title elementor-size-default\">Wizja<\/h2>\t\t<\/div>\n\t\t\t\t<\/div>\n\t\t\t\t<div class=\"elementor-element elementor-element-53a5af1 exad-sticky-section-no exad-glass-effect-no elementor-widget elementor-widget-text-editor\" data-id=\"53a5af1\" data-element_type=\"widget\" data-widget_type=\"text-editor.default\">\n\t\t\t\t<div class=\"elementor-widget-container\">\n\t\t\t\t\t\t\t\t<div class=\"elementor-text-editor elementor-clearfix\">\n\t\t\t\t<p>Biblioteka Publiczna w Dzielnicy \u017boliborz m.st. Warszawy w niedalekiej przysz\u0142o\u015bci mo\u017ce sta\u0107 si\u0119 nowoczesnym o\u015brodkiem informacji, edukacji, kultury oraz integracji i komunikacji spo\u0142ecznej, kt\u00f3ry szanuje przesz\u0142o\u015b\u0107 i kreuje przysz\u0142o\u015b\u0107. Powinna dostarcza\u0107 us\u0142ugi na jak najwy\u017cszym poziomie, z zachowaniem wra\u017cliwo\u015bci spo\u0142ecznej, r\u00f3\u017cnorodno\u015bci zainteresowa\u0144 odbiorc\u00f3w. Jako miejsce otwarte na potrzeby spo\u0142ecze\u0144stwa, powinno stwarza\u0107 mo\u017cliwo\u015b\u0107 do ciekawego i poszerzaj\u0105cego horyzonty my\u015blowe sposobu sp\u0119dzania czasu. Uczy\u0107 w\u0142a\u015bciwych postaw od najm\u0142odszych lat i zaszczepia\u0107 w u\u017cytkownikach zami\u0142owanie do czytania, przywi\u0105zanie do miejsca, budzi\u0107 kreatywno\u015b\u0107 i ciekawo\u015b\u0107 \u015bwiata.<\/p>\t\t\t\t\t<\/div>\n\t\t\t\t\t\t<\/div>\n\t\t\t\t<\/div>\n\t\t\t\t\t\t<\/div>\n\t\t\t\t\t<\/div>\n\t\t<\/div>\n\t\t\t\t\t\t\t\t<\/div>\n\t\t\t\t\t<\/div>\n\t\t<\/section>\n\t\t\t\t\t\t<\/div>\n\t\t\t\t\t<\/div>\n\t\t<\/div>\n\t\t\t\t\t\t\t\t<\/div>\n\t\t\t\t\t<\/div>\n\t\t<\/section>\n\t\t\t\t<section class=\"elementor-section elementor-top-section elementor-element elementor-element-e618b83 elementor-section-boxed elementor-section-height-default elementor-section-height-default exad-glass-effect-no exad-sticky-section-no\" data-id=\"e618b83\" data-element_type=\"section\">\n\t\t\t\t\t\t<div class=\"elementor-container elementor-column-gap-default\">\n\t\t\t\t\t\t\t<div class=\"elementor-row\">\n\t\t\t\t\t<div class=\"elementor-column elementor-col-100 elementor-top-column elementor-element elementor-element-dd998f3 exad-glass-effect-no exad-sticky-section-no\" data-id=\"dd998f3\" data-element_type=\"column\">\n\t\t\t<div class=\"elementor-column-wrap elementor-element-populated\">\n\t\t\t\t\t\t\t<div class=\"elementor-widget-wrap\">\n\t\t\t\t\t\t<div class=\"elementor-element elementor-element-f6e1219 exad-sticky-section-no exad-glass-effect-no elementor-widget elementor-widget-spacer\" data-id=\"f6e1219\" data-element_type=\"widget\" data-widget_type=\"spacer.default\">\n\t\t\t\t<div class=\"elementor-widget-container\">\n\t\t\t\t\t<div class=\"elementor-spacer\">\n\t\t\t<div class=\"elementor-spacer-inner\"><\/div>\n\t\t<\/div>\n\t\t\t\t<\/div>\n\t\t\t\t<\/div>\n\t\t\t\t\t\t<\/div>\n\t\t\t\t\t<\/div>\n\t\t<\/div>\n\t\t\t\t\t\t\t\t<\/div>\n\t\t\t\t\t<\/div>\n\t\t<\/section>\n\t\t\t\t\t\t\t\t\t<\/div>\n\t\t\t<\/div>\n\t\t\t\t\t<\/div>\n\t\t","protected":false},"excerpt":{"rendered":"<p>O nas Struktura organizacyjna Biblioteka jest samorz\u0105dow\u0105 instytucj\u0105 kultury, dzia\u0142aj\u0105c\u0105 w obr\u0119bie og\u00f3lnokrajowej sieci bibliotek. Nadz\u00f3r nad Bibliotek\u0105 sprawuj\u0105 organy m. st. Warszawy oraz w zakresie kompetencji przyznanych Dzielnicy \u017boliborz m.st. Warszawy \u2013 Rada i Zarz\u0105d Dzielnicy \u017boliborz m.st. Warszawy. Biblioteka jest samodzieln\u0105 jednostk\u0105 organizacyjn\u0105 posiadaj\u0105c\u0105 osobowo\u015b\u0107 prawn\u0105 i jest wpisana do Rejestru Instytucji Kultury&hellip;&nbsp;<a href=\"https:\/\/bpzoliborz.pl\/bpzoliborz\/index.php\/o-nas-2\/\" class=\"\" rel=\"bookmark\">Czytaj wi\u0119cej &raquo;<span class=\"screen-reader-text\">O nas<\/span><\/a><\/p>\n","protected":false},"author":3,"featured_media":886,"parent":0,"menu_order":0,"comment_status":"closed","ping_status":"closed","template":"page-templates\/template-pagebuilder-full-width.php","meta":{"_stopmodifiedupdate":false,"_modified_date":"","_eb_attr":"","neve_meta_sidebar":"full-width","neve_meta_container":"","neve_meta_enable_content_width":"on","neve_meta_content_width":100,"neve_meta_title_alignment":"","neve_meta_author_avatar":"","neve_post_elements_order":"","neve_meta_disable_header":"","neve_meta_disable_footer":"","neve_meta_disable_title":"on"},"_links":{"self":[{"href":"https:\/\/bpzoliborz.pl\/bpzoliborz\/index.php\/wp-json\/wp\/v2\/pages\/861"}],"collection":[{"href":"https:\/\/bpzoliborz.pl\/bpzoliborz\/index.php\/wp-json\/wp\/v2\/pages"}],"about":[{"href":"https:\/\/bpzoliborz.pl\/bpzoliborz\/index.php\/wp-json\/wp\/v2\/types\/page"}],"author":[{"embeddable":true,"href":"https:\/\/bpzoliborz.pl\/bpzoliborz\/index.php\/wp-json\/wp\/v2\/users\/3"}],"replies":[{"embeddable":true,"href":"https:\/\/bpzoliborz.pl\/bpzoliborz\/index.php\/wp-json\/wp\/v2\/comments?post=861"}],"version-history":[{"count":7,"href":"https:\/\/bpzoliborz.pl\/bpzoliborz\/index.php\/wp-json\/wp\/v2\/pages\/861\/revisions"}],"predecessor-version":[{"id":25939,"href":"https:\/\/bpzoliborz.pl\/bpzoliborz\/index.php\/wp-json\/wp\/v2\/pages\/861\/revisions\/25939"}],"wp:featuredmedia":[{"embeddable":true,"href":"https:\/\/bpzoliborz.pl\/bpzoliborz\/index.php\/wp-json\/wp\/v2\/media\/886"}],"wp:attachment":[{"href":"https:\/\/bpzoliborz.pl\/bpzoliborz\/index.php\/wp-json\/wp\/v2\/media?parent=861"}],"curies":[{"name":"wp","href":"https:\/\/api.w.org\/{rel}","templated":true}]}}