{"id":2122,"date":"2020-09-15T21:56:02","date_gmt":"2020-09-15T19:56:02","guid":{"rendered":"http:\/\/bpzoliborz.pl\/bpzoliborz\/?page_id=2122"},"modified":"2020-09-16T12:37:21","modified_gmt":"2020-09-16T10:37:21","slug":"miejsce-przyjazne-seniorom-2019","status":"publish","type":"page","link":"https:\/\/bpzoliborz.pl\/bpzoliborz\/index.php\/miejsce-przyjazne-seniorom-2019\/","title":{"rendered":"Miejsce Przyjazne Seniorom 2019"},"content":{"rendered":"\t\t<div data-elementor-type=\"wp-page\" data-elementor-id=\"2122\" class=\"elementor elementor-2122\">\n\t\t\t\t\t\t<div class=\"elementor-inner\">\n\t\t\t\t<div class=\"elementor-section-wrap\">\n\t\t\t\t\t\t\t\t\t<section class=\"elementor-section elementor-top-section elementor-element elementor-element-7456b816 elementor-section-boxed elementor-section-height-default elementor-section-height-default exad-glass-effect-no exad-sticky-section-no\" data-id=\"7456b816\" data-element_type=\"section\">\n\t\t\t\t\t\t<div class=\"elementor-container elementor-column-gap-default\">\n\t\t\t\t\t\t\t<div class=\"elementor-row\">\n\t\t\t\t\t<div class=\"elementor-column elementor-col-100 elementor-top-column elementor-element elementor-element-5a01bb2f exad-glass-effect-no exad-sticky-section-no\" data-id=\"5a01bb2f\" data-element_type=\"column\">\n\t\t\t<div class=\"elementor-column-wrap elementor-element-populated\">\n\t\t\t\t\t\t\t<div class=\"elementor-widget-wrap\">\n\t\t\t\t\t\t<div class=\"elementor-element elementor-element-72bc6bd3 exad-sticky-section-no exad-glass-effect-no elementor-widget elementor-widget-spacer\" data-id=\"72bc6bd3\" data-element_type=\"widget\" data-widget_type=\"spacer.default\">\n\t\t\t\t<div class=\"elementor-widget-container\">\n\t\t\t\t\t<div class=\"elementor-spacer\">\n\t\t\t<div class=\"elementor-spacer-inner\"><\/div>\n\t\t<\/div>\n\t\t\t\t<\/div>\n\t\t\t\t<\/div>\n\t\t\t\t\t\t<\/div>\n\t\t\t\t\t<\/div>\n\t\t<\/div>\n\t\t\t\t\t\t\t\t<\/div>\n\t\t\t\t\t<\/div>\n\t\t<\/section>\n\t\t\t\t<section class=\"elementor-section elementor-top-section elementor-element elementor-element-37d8b2e1 elementor-section-boxed elementor-section-height-default elementor-section-height-default exad-glass-effect-no exad-sticky-section-no\" data-id=\"37d8b2e1\" data-element_type=\"section\">\n\t\t\t\t\t\t<div class=\"elementor-container elementor-column-gap-default\">\n\t\t\t\t\t\t\t<div class=\"elementor-row\">\n\t\t\t\t\t<div class=\"elementor-column elementor-col-100 elementor-top-column elementor-element elementor-element-429ca98a exad-glass-effect-no exad-sticky-section-no\" data-id=\"429ca98a\" data-element_type=\"column\">\n\t\t\t<div class=\"elementor-column-wrap elementor-element-populated\">\n\t\t\t\t\t\t\t<div class=\"elementor-widget-wrap\">\n\t\t\t\t\t\t<div class=\"elementor-element elementor-element-6f1e1348 exad-sticky-section-no exad-glass-effect-no elementor-widget elementor-widget-heading\" data-id=\"6f1e1348\" data-element_type=\"widget\" data-widget_type=\"heading.default\">\n\t\t\t\t<div class=\"elementor-widget-container\">\n\t\t\t<h2 class=\"elementor-heading-title elementor-size-default\">Miejsce Przyjazne Seniorom<\/h2>\t\t<\/div>\n\t\t\t\t<\/div>\n\t\t\t\t\t\t<\/div>\n\t\t\t\t\t<\/div>\n\t\t<\/div>\n\t\t\t\t\t\t\t\t<\/div>\n\t\t\t\t\t<\/div>\n\t\t<\/section>\n\t\t\t\t<section class=\"elementor-section elementor-top-section elementor-element elementor-element-3e89a67 elementor-section-boxed elementor-section-height-default elementor-section-height-default exad-glass-effect-no exad-sticky-section-no\" data-id=\"3e89a67\" data-element_type=\"section\">\n\t\t\t\t\t\t<div class=\"elementor-container elementor-column-gap-default\">\n\t\t\t\t\t\t\t<div class=\"elementor-row\">\n\t\t\t\t\t<div class=\"elementor-column elementor-col-100 elementor-top-column elementor-element elementor-element-448604c3 exad-glass-effect-no exad-sticky-section-no\" data-id=\"448604c3\" data-element_type=\"column\">\n\t\t\t<div class=\"elementor-column-wrap elementor-element-populated\">\n\t\t\t\t\t\t\t<div class=\"elementor-widget-wrap\">\n\t\t\t\t\t\t<div class=\"elementor-element elementor-element-3d4b8aeb exad-sticky-section-no exad-glass-effect-no elementor-widget elementor-widget-spacer\" data-id=\"3d4b8aeb\" data-element_type=\"widget\" data-widget_type=\"spacer.default\">\n\t\t\t\t<div class=\"elementor-widget-container\">\n\t\t\t\t\t<div class=\"elementor-spacer\">\n\t\t\t<div class=\"elementor-spacer-inner\"><\/div>\n\t\t<\/div>\n\t\t\t\t<\/div>\n\t\t\t\t<\/div>\n\t\t\t\t\t\t<\/div>\n\t\t\t\t\t<\/div>\n\t\t<\/div>\n\t\t\t\t\t\t\t\t<\/div>\n\t\t\t\t\t<\/div>\n\t\t<\/section>\n\t\t\t\t<section class=\"elementor-section elementor-top-section elementor-element elementor-element-57d5c27 elementor-section-boxed elementor-section-height-default elementor-section-height-default exad-glass-effect-no exad-sticky-section-no\" data-id=\"57d5c27\" data-element_type=\"section\">\n\t\t\t\t\t\t<div class=\"elementor-container elementor-column-gap-default\">\n\t\t\t\t\t\t\t<div class=\"elementor-row\">\n\t\t\t\t\t<div class=\"elementor-column elementor-col-100 elementor-top-column elementor-element elementor-element-70ca271 exad-glass-effect-no exad-sticky-section-no\" data-id=\"70ca271\" data-element_type=\"column\">\n\t\t\t<div class=\"elementor-column-wrap elementor-element-populated\">\n\t\t\t\t\t\t\t<div class=\"elementor-widget-wrap\">\n\t\t\t\t\t\t<div class=\"elementor-element elementor-element-d96ecd4 exad-sticky-section-no exad-glass-effect-no elementor-widget elementor-widget-heading\" data-id=\"d96ecd4\" data-element_type=\"widget\" data-widget_type=\"heading.default\">\n\t\t\t\t<div class=\"elementor-widget-container\">\n\t\t\t<h2 class=\"elementor-heading-title elementor-size-default\">Jeste\u015bmy na mapie Miejsc Przyjaznych Seniorom<\/h2>\t\t<\/div>\n\t\t\t\t<\/div>\n\t\t\t\t<div class=\"elementor-element elementor-element-74504ea exad-sticky-section-no exad-glass-effect-no elementor-widget elementor-widget-text-editor\" data-id=\"74504ea\" data-element_type=\"widget\" data-widget_type=\"text-editor.default\">\n\t\t\t\t<div class=\"elementor-widget-container\">\n\t\t\t\t\t\t\t\t<div class=\"elementor-text-editor elementor-clearfix\">\n\t\t\t\t<p>G\u0142\u00f3wnym celem akcji jest wyr\u00f3\u017cnienie i promowanie: instytucji, przedsi\u0119biorstw, organizacji oraz wydarze\u0144 cyklicznych realizowanych na terenie m.st. Warszawy, kt\u00f3re s\u0105 otwarte na potrzeby os\u00f3b starszych. Promujemy miejsca bez barier architektonicznych, oferuj\u0105ce atrakcyjne i praktyczne dla senior\u00f3w zni\u017cki oraz ulgi. Jako\u015b\u0107 \u015bwiadczonych us\u0142ug (p\u0142atnych i bezp\u0142atnych) wychodzi poza standardow\u0105 komunikacj\u0119 z konsumentem i opiera si\u0119 na zrozumieniu potrzeb os\u00f3b starszych. Potencjalni laureaci to przede wszystkim miejsca, gdzie senior jest traktowany godnie, z nale\u017cytym dla jego wieku szacunkiem oraz wyrozumia\u0142o\u015bci\u0105. Wa\u017cne jest aby personel by\u0142 przeszkolony i poinformowany o tym jak komunikowa\u0107 si\u0119 z seniorami. Uprzejmo\u015b\u0107 i ch\u0119\u0107 rozwiazywania problem\u00f3w, cho\u0107by poprzez udzielanie prawdziwych i szczeg\u00f3\u0142owych informacji jest kluczowa.<\/p><p>Ide\u0105 konkursu jest zmienianie \u015bwiadomo\u015bci spo\u0142ecze\u0144stwa, instytucji i biznesu poprzez promowanie pozytywnego pro-seniorskiego podej\u015bcia, poprzez wyr\u00f3\u017cnianie tych plac\u00f3wek, kt\u00f3re w swojej dzia\u0142alno\u015bci spe\u0142niaj\u0105 wymienione kryteria.<\/p>\t\t\t\t\t<\/div>\n\t\t\t\t\t\t<\/div>\n\t\t\t\t<\/div>\n\t\t\t\t\t\t<\/div>\n\t\t\t\t\t<\/div>\n\t\t<\/div>\n\t\t\t\t\t\t\t\t<\/div>\n\t\t\t\t\t<\/div>\n\t\t<\/section>\n\t\t\t\t<section class=\"elementor-section elementor-top-section elementor-element elementor-element-755637d elementor-section-boxed elementor-section-height-default elementor-section-height-default exad-glass-effect-no exad-sticky-section-no\" data-id=\"755637d\" data-element_type=\"section\">\n\t\t\t\t\t\t<div class=\"elementor-container elementor-column-gap-default\">\n\t\t\t\t\t\t\t<div class=\"elementor-row\">\n\t\t\t\t\t<div class=\"elementor-column elementor-col-100 elementor-top-column elementor-element elementor-element-40bcb85 exad-glass-effect-no exad-sticky-section-no\" data-id=\"40bcb85\" data-element_type=\"column\">\n\t\t\t<div class=\"elementor-column-wrap elementor-element-populated\">\n\t\t\t\t\t\t\t<div class=\"elementor-widget-wrap\">\n\t\t\t\t\t\t<div class=\"elementor-element elementor-element-50e522c exad-sticky-section-no exad-glass-effect-no elementor-widget elementor-widget-spacer\" data-id=\"50e522c\" data-element_type=\"widget\" data-widget_type=\"spacer.default\">\n\t\t\t\t<div class=\"elementor-widget-container\">\n\t\t\t\t\t<div class=\"elementor-spacer\">\n\t\t\t<div class=\"elementor-spacer-inner\"><\/div>\n\t\t<\/div>\n\t\t\t\t<\/div>\n\t\t\t\t<\/div>\n\t\t\t\t\t\t<\/div>\n\t\t\t\t\t<\/div>\n\t\t<\/div>\n\t\t\t\t\t\t\t\t<\/div>\n\t\t\t\t\t<\/div>\n\t\t<\/section>\n\t\t\t\t<section class=\"elementor-section elementor-top-section elementor-element elementor-element-2610b06 elementor-section-boxed elementor-section-height-default elementor-section-height-default exad-glass-effect-no exad-sticky-section-no\" data-id=\"2610b06\" data-element_type=\"section\">\n\t\t\t\t\t\t<div class=\"elementor-container elementor-column-gap-default\">\n\t\t\t\t\t\t\t<div class=\"elementor-row\">\n\t\t\t\t\t<div class=\"elementor-column elementor-col-100 elementor-top-column elementor-element elementor-element-97425fc exad-glass-effect-no exad-sticky-section-no\" data-id=\"97425fc\" data-element_type=\"column\">\n\t\t\t<div class=\"elementor-column-wrap elementor-element-populated\">\n\t\t\t\t\t\t\t<div class=\"elementor-widget-wrap\">\n\t\t\t\t\t\t<div class=\"elementor-element elementor-element-7069dd7 exad-sticky-section-no exad-glass-effect-no elementor-widget elementor-widget-heading\" data-id=\"7069dd7\" data-element_type=\"widget\" data-widget_type=\"heading.default\">\n\t\t\t\t<div class=\"elementor-widget-container\">\n\t\t\t<h2 class=\"elementor-heading-title elementor-size-default\">2019<\/h2>\t\t<\/div>\n\t\t\t\t<\/div>\n\t\t\t\t<section class=\"elementor-section elementor-inner-section elementor-element elementor-element-b9e291b elementor-section-boxed elementor-section-height-default elementor-section-height-default exad-glass-effect-no exad-sticky-section-no\" data-id=\"b9e291b\" data-element_type=\"section\">\n\t\t\t\t\t\t<div class=\"elementor-container elementor-column-gap-default\">\n\t\t\t\t\t\t\t<div class=\"elementor-row\">\n\t\t\t\t\t<div class=\"elementor-column elementor-col-50 elementor-inner-column elementor-element elementor-element-afdd82c exad-glass-effect-no exad-sticky-section-no\" data-id=\"afdd82c\" data-element_type=\"column\">\n\t\t\t<div class=\"elementor-column-wrap elementor-element-populated\">\n\t\t\t\t\t\t\t<div class=\"elementor-widget-wrap\">\n\t\t\t\t\t\t<div class=\"elementor-element elementor-element-2d99d91 exad-sticky-section-no exad-glass-effect-no elementor-widget elementor-widget-image\" data-id=\"2d99d91\" data-element_type=\"widget\" data-widget_type=\"image.default\">\n\t\t\t\t<div class=\"elementor-widget-container\">\n\t\t\t\t\t\t\t\t<div class=\"elementor-image\">\n\t\t\t\t\t\t\t\t\t\t\t\t\t<a href=\"http:\/\/bpzoliborz.pl\/bpzoliborz\/wp-content\/uploads\/2020\/08\/miejsce-przyjazne-seniorom.png\" data-elementor-open-lightbox=\"yes\" data-elementor-lightbox-title=\"miejsce przyjazne seniorom\" e-action-hash=\"#elementor-action%3Aaction%3Dlightbox%26settings%3DeyJpZCI6MTQ5NywidXJsIjoiaHR0cHM6XC9cL2Jwem9saWJvcnoucGxcL2Jwem9saWJvcnpcL3dwLWNvbnRlbnRcL3VwbG9hZHNcLzIwMjBcLzA4XC9taWVqc2NlLXByenlqYXpuZS1zZW5pb3JvbS5wbmcifQ%3D%3D\">\n\t\t\t\t\t\t\t<img width=\"768\" height=\"533\" src=\"https:\/\/bpzoliborz.pl\/bpzoliborz\/wp-content\/uploads\/2020\/08\/miejsce-przyjazne-seniorom-768x533.png\" class=\"attachment-medium_large size-medium_large wp-image-1497\" alt=\"certyfikat miejsce przyjazne seniorom - rok 2019\" loading=\"lazy\" srcset=\"https:\/\/bpzoliborz.pl\/bpzoliborz\/wp-content\/uploads\/2020\/08\/miejsce-przyjazne-seniorom-768x533.png 768w, https:\/\/bpzoliborz.pl\/bpzoliborz\/wp-content\/uploads\/2020\/08\/miejsce-przyjazne-seniorom.png 1080w\" sizes=\"(max-width: 768px) 100vw, 768px\" \/>\t\t\t\t\t\t\t\t<\/a>\n\t\t\t\t\t\t\t\t\t\t\t\t\t\t<\/div>\n\t\t\t\t\t\t<\/div>\n\t\t\t\t<\/div>\n\t\t\t\t\t\t<\/div>\n\t\t\t\t\t<\/div>\n\t\t<\/div>\n\t\t\t\t<div class=\"elementor-column elementor-col-50 elementor-inner-column elementor-element elementor-element-09ed143 exad-glass-effect-no exad-sticky-section-no\" data-id=\"09ed143\" data-element_type=\"column\">\n\t\t\t<div class=\"elementor-column-wrap elementor-element-populated\">\n\t\t\t\t\t\t\t<div class=\"elementor-widget-wrap\">\n\t\t\t\t\t\t<div class=\"elementor-element elementor-element-6be2640 exad-sticky-section-no exad-glass-effect-no elementor-widget elementor-widget-heading\" data-id=\"6be2640\" data-element_type=\"widget\" data-widget_type=\"heading.default\">\n\t\t\t\t<div class=\"elementor-widget-container\">\n\t\t\t<h3 class=\"elementor-heading-title elementor-size-default\">Czytelnia Pod Sowami<\/h3>\t\t<\/div>\n\t\t\t\t<\/div>\n\t\t\t\t<div class=\"elementor-element elementor-element-45b7f2c exad-sticky-section-no exad-glass-effect-no elementor-widget elementor-widget-text-editor\" data-id=\"45b7f2c\" data-element_type=\"widget\" data-widget_type=\"text-editor.default\">\n\t\t\t\t<div class=\"elementor-widget-container\">\n\t\t\t\t\t\t\t\t<div class=\"elementor-text-editor elementor-clearfix\">\n\t\t\t\t<p align=\"JUSTIFY\"><span lang=\"pl-PL\">Biblioteka Publiczna w Dzielnicy \u017boliborz m.st. Warszawy jest instytucj\u0105 otwart\u0105 na potrzeby os\u00f3b starszych. Posiada ciekaw\u0105 ofert\u0119 wydarze\u0144 kulturalno \u2013 edukacyjnych, w kt\u00f3rych Seniorzy mog\u0105 realizowa\u0107 swoje pasje i zainteresowania.<\/span><\/p><p lang=\"pl-PL\">Jeste\u015bmy zaszczyceni, \u017ce wieloletnie dzia\u0142ania Biblioteki na rzecz Senior\u00f3w, zosta\u0142y pozytywnie ocenione przez naszych najstarszych u\u017cytkownik\u00f3w. Dopinguje i zach\u0119ca to nas do dalszej realizacji tych dobrych praktyk.<\/p><p lang=\"pl-PL\" align=\"JUSTIFY\">Szczeg\u00f3lna warto\u015b\u0107 tego miejsca zosta\u0142a potwierdzona Certyfikatem za udzia\u0142 w projekcie Warszawa Lokalnie oraz presti\u017cowym wyr\u00f3\u017cnieniem \u017boliborskie Miejsce Przyjazne Seniorom 2019.<\/p>\t\t\t\t\t<\/div>\n\t\t\t\t\t\t<\/div>\n\t\t\t\t<\/div>\n\t\t\t\t<div class=\"elementor-element elementor-element-053e54f exad-sticky-section-no exad-glass-effect-no elementor-widget elementor-widget-image-gallery\" data-id=\"053e54f\" data-element_type=\"widget\" data-widget_type=\"image-gallery.default\">\n\t\t\t\t<div class=\"elementor-widget-container\">\n\t\t\t\t\t<div class=\"elementor-image-gallery\">\n\t\t\t<div id='gallery-1' class='gallery galleryid-2122 gallery-columns-4 gallery-size-thumbnail'><dl class='gallery-item'>\n\t\t\t<dt class='gallery-icon landscape'>\n\t\t\t\t<a data-elementor-open-lightbox=\"yes\" data-elementor-lightbox-slideshow=\"053e54f\" data-elementor-lightbox-title=\"Koncert -Ch\u00f3r Star\u00f3wka TPW, Oddzia\u0142 Centrum - Czytelnia Pod Sowami\" e-action-hash=\"#elementor-action%3Aaction%3Dlightbox%26settings%3DeyJpZCI6MjE2NSwidXJsIjoiaHR0cHM6XC9cL2Jwem9saWJvcnoucGxcL2Jwem9saWJvcnpcL3dwLWNvbnRlbnRcL3VwbG9hZHNcLzIwMjBcLzA5XC9Lb25jZXJ0LUNob3ItU3Rhcm93a2EtVFBXLU9kZHppYWwtQ2VudHJ1bS1Denl0ZWxuaWEtUG9kLVNvd2FtaS5qcGciLCJzbGlkZXNob3ciOiIwNTNlNTRmIn0%3D\" href='https:\/\/bpzoliborz.pl\/bpzoliborz\/wp-content\/uploads\/2020\/09\/Koncert-Chor-Starowka-TPW-Oddzial-Centrum-Czytelnia-Pod-Sowami.jpg'><img width=\"150\" height=\"150\" src=\"https:\/\/bpzoliborz.pl\/bpzoliborz\/wp-content\/uploads\/2020\/09\/Koncert-Chor-Starowka-TPW-Oddzial-Centrum-Czytelnia-Pod-Sowami-150x150.jpg\" class=\"attachment-thumbnail size-thumbnail\" alt=\"\" loading=\"lazy\" srcset=\"https:\/\/bpzoliborz.pl\/bpzoliborz\/wp-content\/uploads\/2020\/09\/Koncert-Chor-Starowka-TPW-Oddzial-Centrum-Czytelnia-Pod-Sowami-150x150.jpg 150w, https:\/\/bpzoliborz.pl\/bpzoliborz\/wp-content\/uploads\/2020\/09\/Koncert-Chor-Starowka-TPW-Oddzial-Centrum-Czytelnia-Pod-Sowami-300x300.jpg 300w\" sizes=\"(max-width: 150px) 100vw, 150px\" \/><\/a>\n\t\t\t<\/dt><\/dl><dl class='gallery-item'>\n\t\t\t<dt class='gallery-icon landscape'>\n\t\t\t\t<a data-elementor-open-lightbox=\"yes\" data-elementor-lightbox-slideshow=\"053e54f\" data-elementor-lightbox-title=\"Projekt @ktywni 60+ - Czytelnia Pod Sowami\" e-action-hash=\"#elementor-action%3Aaction%3Dlightbox%26settings%3DeyJpZCI6MjE2NiwidXJsIjoiaHR0cHM6XC9cL2Jwem9saWJvcnoucGxcL2Jwem9saWJvcnpcL3dwLWNvbnRlbnRcL3VwbG9hZHNcLzIwMjBcLzA5XC9Qcm9qZWt0LUBrdHl3bmktNjAtQ3p5dGVsbmlhLVBvZC1Tb3dhbWkuanBnIiwic2xpZGVzaG93IjoiMDUzZTU0ZiJ9\" href='https:\/\/bpzoliborz.pl\/bpzoliborz\/wp-content\/uploads\/2020\/09\/Projekt-@ktywni-60-Czytelnia-Pod-Sowami.jpg'><img width=\"150\" height=\"150\" src=\"https:\/\/bpzoliborz.pl\/bpzoliborz\/wp-content\/uploads\/2020\/09\/Projekt-@ktywni-60-Czytelnia-Pod-Sowami-150x150.jpg\" class=\"attachment-thumbnail size-thumbnail\" alt=\"\" loading=\"lazy\" srcset=\"https:\/\/bpzoliborz.pl\/bpzoliborz\/wp-content\/uploads\/2020\/09\/Projekt-@ktywni-60-Czytelnia-Pod-Sowami-150x150.jpg 150w, https:\/\/bpzoliborz.pl\/bpzoliborz\/wp-content\/uploads\/2020\/09\/Projekt-@ktywni-60-Czytelnia-Pod-Sowami-300x300.jpg 300w\" sizes=\"(max-width: 150px) 100vw, 150px\" \/><\/a>\n\t\t\t<\/dt><\/dl><dl class='gallery-item'>\n\t\t\t<dt class='gallery-icon landscape'>\n\t\t\t\t<a data-elementor-open-lightbox=\"yes\" data-elementor-lightbox-slideshow=\"053e54f\" data-elementor-lightbox-title=\"Warsztaty artystyczne - bi\u017cuteria - Czytelnia Pod Sowami\" e-action-hash=\"#elementor-action%3Aaction%3Dlightbox%26settings%3DeyJpZCI6MjE2NywidXJsIjoiaHR0cHM6XC9cL2Jwem9saWJvcnoucGxcL2Jwem9saWJvcnpcL3dwLWNvbnRlbnRcL3VwbG9hZHNcLzIwMjBcLzA5XC9XYXJzenRhdHktYXJ0eXN0eWN6bmUtYml6dXRlcmlhLUN6eXRlbG5pYS1Qb2QtU293YW1pLmpwZyIsInNsaWRlc2hvdyI6IjA1M2U1NGYifQ%3D%3D\" href='https:\/\/bpzoliborz.pl\/bpzoliborz\/wp-content\/uploads\/2020\/09\/Warsztaty-artystyczne-bizuteria-Czytelnia-Pod-Sowami.jpg'><img width=\"150\" height=\"150\" src=\"https:\/\/bpzoliborz.pl\/bpzoliborz\/wp-content\/uploads\/2020\/09\/Warsztaty-artystyczne-bizuteria-Czytelnia-Pod-Sowami-150x150.jpg\" class=\"attachment-thumbnail size-thumbnail\" alt=\"\" loading=\"lazy\" srcset=\"https:\/\/bpzoliborz.pl\/bpzoliborz\/wp-content\/uploads\/2020\/09\/Warsztaty-artystyczne-bizuteria-Czytelnia-Pod-Sowami-150x150.jpg 150w, https:\/\/bpzoliborz.pl\/bpzoliborz\/wp-content\/uploads\/2020\/09\/Warsztaty-artystyczne-bizuteria-Czytelnia-Pod-Sowami-300x300.jpg 300w\" sizes=\"(max-width: 150px) 100vw, 150px\" \/><\/a>\n\t\t\t<\/dt><\/dl><dl class='gallery-item'>\n\t\t\t<dt class='gallery-icon landscape'>\n\t\t\t\t<a data-elementor-open-lightbox=\"yes\" data-elementor-lightbox-slideshow=\"053e54f\" data-elementor-lightbox-title=\"Wernisa\u017c wystawy Grupy Pasjonat\u00f3w Fotografii Teraz My - Czytelnia Pod Sowami\" e-action-hash=\"#elementor-action%3Aaction%3Dlightbox%26settings%3DeyJpZCI6MjE2OCwidXJsIjoiaHR0cHM6XC9cL2Jwem9saWJvcnoucGxcL2Jwem9saWJvcnpcL3dwLWNvbnRlbnRcL3VwbG9hZHNcLzIwMjBcLzA5XC9XZXJuaXNhei13eXN0YXd5LUdydXB5LVBhc2pvbmF0b3ctRm90b2dyYWZpaS1UZXJhei1NeS1Denl0ZWxuaWEtUG9kLVNvd2FtaS5qcGciLCJzbGlkZXNob3ciOiIwNTNlNTRmIn0%3D\" href='https:\/\/bpzoliborz.pl\/bpzoliborz\/wp-content\/uploads\/2020\/09\/Wernisaz-wystawy-Grupy-Pasjonatow-Fotografii-Teraz-My-Czytelnia-Pod-Sowami.jpg'><img width=\"150\" height=\"150\" src=\"https:\/\/bpzoliborz.pl\/bpzoliborz\/wp-content\/uploads\/2020\/09\/Wernisaz-wystawy-Grupy-Pasjonatow-Fotografii-Teraz-My-Czytelnia-Pod-Sowami-150x150.jpg\" class=\"attachment-thumbnail size-thumbnail\" alt=\"\" loading=\"lazy\" srcset=\"https:\/\/bpzoliborz.pl\/bpzoliborz\/wp-content\/uploads\/2020\/09\/Wernisaz-wystawy-Grupy-Pasjonatow-Fotografii-Teraz-My-Czytelnia-Pod-Sowami-150x150.jpg 150w, https:\/\/bpzoliborz.pl\/bpzoliborz\/wp-content\/uploads\/2020\/09\/Wernisaz-wystawy-Grupy-Pasjonatow-Fotografii-Teraz-My-Czytelnia-Pod-Sowami-300x300.jpg 300w\" sizes=\"(max-width: 150px) 100vw, 150px\" \/><\/a>\n\t\t\t<\/dt><\/dl><br style=\"clear: both\" \/>\n\t\t<\/div>\n\t\t<\/div>\n\t\t\t\t<\/div>\n\t\t\t\t<\/div>\n\t\t\t\t\t\t<\/div>\n\t\t\t\t\t<\/div>\n\t\t<\/div>\n\t\t\t\t\t\t\t\t<\/div>\n\t\t\t\t\t<\/div>\n\t\t<\/section>\n\t\t\t\t\t\t<\/div>\n\t\t\t\t\t<\/div>\n\t\t<\/div>\n\t\t\t\t\t\t\t\t<\/div>\n\t\t\t\t\t<\/div>\n\t\t<\/section>\n\t\t\t\t<section class=\"elementor-section elementor-top-section elementor-element elementor-element-26ca1c4 elementor-section-boxed elementor-section-height-default elementor-section-height-default exad-glass-effect-no exad-sticky-section-no\" data-id=\"26ca1c4\" data-element_type=\"section\">\n\t\t\t\t\t\t<div class=\"elementor-container elementor-column-gap-default\">\n\t\t\t\t\t\t\t<div class=\"elementor-row\">\n\t\t\t\t\t<div class=\"elementor-column elementor-col-100 elementor-top-column elementor-element elementor-element-990221a exad-glass-effect-no exad-sticky-section-no\" data-id=\"990221a\" data-element_type=\"column\">\n\t\t\t<div class=\"elementor-column-wrap elementor-element-populated\">\n\t\t\t\t\t\t\t<div class=\"elementor-widget-wrap\">\n\t\t\t\t\t\t<div class=\"elementor-element elementor-element-bfd98c0 exad-sticky-section-no exad-glass-effect-no elementor-widget elementor-widget-spacer\" data-id=\"bfd98c0\" data-element_type=\"widget\" data-widget_type=\"spacer.default\">\n\t\t\t\t<div class=\"elementor-widget-container\">\n\t\t\t\t\t<div class=\"elementor-spacer\">\n\t\t\t<div class=\"elementor-spacer-inner\"><\/div>\n\t\t<\/div>\n\t\t\t\t<\/div>\n\t\t\t\t<\/div>\n\t\t\t\t\t\t<\/div>\n\t\t\t\t\t<\/div>\n\t\t<\/div>\n\t\t\t\t\t\t\t\t<\/div>\n\t\t\t\t\t<\/div>\n\t\t<\/section>\n\t\t\t\t\t\t\t\t\t<\/div>\n\t\t\t<\/div>\n\t\t\t\t\t<\/div>\n\t\t","protected":false},"excerpt":{"rendered":"<p>Miejsce Przyjazne Seniorom Jeste\u015bmy na mapie Miejsc Przyjaznych Seniorom G\u0142\u00f3wnym celem akcji jest wyr\u00f3\u017cnienie i promowanie: instytucji, przedsi\u0119biorstw, organizacji oraz wydarze\u0144 cyklicznych realizowanych na terenie m.st. Warszawy, kt\u00f3re s\u0105 otwarte na potrzeby os\u00f3b starszych. Promujemy miejsca bez barier architektonicznych, oferuj\u0105ce atrakcyjne i praktyczne dla senior\u00f3w zni\u017cki oraz ulgi. Jako\u015b\u0107 \u015bwiadczonych us\u0142ug (p\u0142atnych i bezp\u0142atnych) wychodzi&hellip;&nbsp;<a href=\"https:\/\/bpzoliborz.pl\/bpzoliborz\/index.php\/miejsce-przyjazne-seniorom-2019\/\" class=\"\" rel=\"bookmark\">Czytaj wi\u0119cej &raquo;<span class=\"screen-reader-text\">Miejsce Przyjazne Seniorom 2019<\/span><\/a><\/p>\n","protected":false},"author":3,"featured_media":890,"parent":0,"menu_order":0,"comment_status":"closed","ping_status":"closed","template":"page-templates\/template-pagebuilder-full-width.php","meta":{"_stopmodifiedupdate":false,"_modified_date":"","_eb_attr":"","neve_meta_sidebar":"full-width","neve_meta_container":"","neve_meta_enable_content_width":"on","neve_meta_content_width":100,"neve_meta_title_alignment":"","neve_meta_author_avatar":"","neve_post_elements_order":"","neve_meta_disable_header":"","neve_meta_disable_footer":"","neve_meta_disable_title":"on"},"_links":{"self":[{"href":"https:\/\/bpzoliborz.pl\/bpzoliborz\/index.php\/wp-json\/wp\/v2\/pages\/2122"}],"collection":[{"href":"https:\/\/bpzoliborz.pl\/bpzoliborz\/index.php\/wp-json\/wp\/v2\/pages"}],"about":[{"href":"https:\/\/bpzoliborz.pl\/bpzoliborz\/index.php\/wp-json\/wp\/v2\/types\/page"}],"author":[{"embeddable":true,"href":"https:\/\/bpzoliborz.pl\/bpzoliborz\/index.php\/wp-json\/wp\/v2\/users\/3"}],"replies":[{"embeddable":true,"href":"https:\/\/bpzoliborz.pl\/bpzoliborz\/index.php\/wp-json\/wp\/v2\/comments?post=2122"}],"version-history":[{"count":6,"href":"https:\/\/bpzoliborz.pl\/bpzoliborz\/index.php\/wp-json\/wp\/v2\/pages\/2122\/revisions"}],"predecessor-version":[{"id":2173,"href":"https:\/\/bpzoliborz.pl\/bpzoliborz\/index.php\/wp-json\/wp\/v2\/pages\/2122\/revisions\/2173"}],"wp:featuredmedia":[{"embeddable":true,"href":"https:\/\/bpzoliborz.pl\/bpzoliborz\/index.php\/wp-json\/wp\/v2\/media\/890"}],"wp:attachment":[{"href":"https:\/\/bpzoliborz.pl\/bpzoliborz\/index.php\/wp-json\/wp\/v2\/media?parent=2122"}],"curies":[{"name":"wp","href":"https:\/\/api.w.org\/{rel}","templated":true}]}}