{"id":8224,"date":"2021-12-07T15:30:41","date_gmt":"2021-12-07T14:30:41","guid":{"rendered":"https:\/\/bpzoliborz.pl\/bpzoliborz\/?post_type=mec-events&#038;p=8224"},"modified":"2022-01-05T12:06:31","modified_gmt":"2022-01-05T11:06:31","slug":"sofa-wystawa-zwycieskich-prac-fotograficznych","status":"publish","type":"mec-events","link":"https:\/\/bpzoliborz.pl\/bpzoliborz\/index.php\/events\/sofa-wystawa-zwycieskich-prac-fotograficznych\/","title":{"rendered":"SOFA &#8211; wystawa zwyci\u0119skich prac fotograficznych"},"content":{"rendered":"<p>Przez ca\u0142y grudzie\u0144 ogl\u0105da\u0107 mo\u017cna w hallu Wypo\u017cyczalni nr 16 wystaw\u0119 fotograficzn\u0105 prac nagrodzonych na XIII edycji <strong>Scenicznego Otwartego Festiwalu Artystycznego SOFA<\/strong> w kategorii Sekcja Fotograficzna.<\/p>\r\n<p>SOFA to jeden z najwi\u0119kszych m\u0142odzie\u017cowych festiwali artystycznych w Polsce, organizowany od 2008 roku przez uczni\u00f3w LXIV LO im. St. I. Witkiewicza \u201eWitkacego\u201d w Warszawie. Festiwal \u0142\u0105czy wiele form wyrazu artystycznego \u2013 od ta\u0144ca oraz muzyki, przez teatr i malarstwo, a\u017c po film czy fotografi\u0119. Wzi\u0119cie udzia\u0142u w konkursie daje mo\u017cliwo\u015b\u0107 pokazania swojego talentu ca\u0142ej Warszawie, us\u0142yszenia komentarzy od specjalist\u00f3w czy nawet wygrania nagrody o charakterze rozwojowym.<\/p>\r\n<p>&nbsp;<\/p>\r\n\r\n<p style=\"text-align: center\"><strong>Laureaci tegorocznej edycji w Sekcji Fotografia:<\/strong><\/p>\r\n<p style=\"text-align: center\">\r\n\r\n<\/p>\r\n<p style=\"text-align: center\"><img loading=\"lazy\" src=\"https:\/\/static.xx.fbcdn.net\/images\/emoji.php\/v9\/ted\/1.5\/16\/1f947.png\" alt=\"\ud83e\udd47\" width=\"16\" height=\"16\" \/> Jan Kowalik<\/p>\r\n<p style=\"text-align: center\">\r\n\r\n<\/p>\r\n<p style=\"text-align: center\"><img loading=\"lazy\" src=\"https:\/\/static.xx.fbcdn.net\/images\/emoji.php\/v9\/t6e\/1.5\/16\/1f948.png\" alt=\"\ud83e\udd48\" width=\"16\" height=\"16\" \/> Agata Kloz<\/p>\r\n<p style=\"text-align: center\">\r\n\r\n<\/p>\r\n<p style=\"text-align: center\"><img loading=\"lazy\" src=\"https:\/\/static.xx.fbcdn.net\/images\/emoji.php\/v9\/tef\/1.5\/16\/1f949.png\" alt=\"\ud83e\udd49\" width=\"16\" height=\"16\" \/> Antoni Kobus<\/p>\r\n<p style=\"text-align: center\">\r\n\r\n<\/p>\r\n<p style=\"text-align: center\">Nagroda publiczno\u015bci: Maciej Pi\u00f3rek<\/p>\r\n<p>&nbsp;<\/p>\r\n<p style=\"text-align: center\">Serdecznie gratulujemy i zapraszamy do ogl\u0105dania prac!<\/p>\r\n<p>&nbsp;<\/p>\r\n<div id='gallery-1' class='gallery galleryid-8224 gallery-columns-4 gallery-size-thumbnail'><dl class='gallery-item'>\n\t\t\t<dt class='gallery-icon portrait'>\n\t\t\t\t<a href='https:\/\/bpzoliborz.pl\/bpzoliborz\/index.php\/events\/sofa-wystawa-zwycieskich-prac-fotograficznych\/foto2\/'><img width=\"150\" height=\"150\" src=\"https:\/\/bpzoliborz.pl\/bpzoliborz\/wp-content\/uploads\/2021\/12\/foto2-150x150.png\" class=\"attachment-thumbnail size-thumbnail\" alt=\"zdj\u0119cie przedstawiaj\u0105ce nagrodzone prace podczas XIII Scenicznego Otwartego Festiwalu Artystycznego SOFA\" loading=\"lazy\" srcset=\"https:\/\/bpzoliborz.pl\/bpzoliborz\/wp-content\/uploads\/2021\/12\/foto2-150x150.png 150w, https:\/\/bpzoliborz.pl\/bpzoliborz\/wp-content\/uploads\/2021\/12\/foto2-300x300.png 300w\" sizes=\"(max-width: 150px) 100vw, 150px\" \/><\/a>\n\t\t\t<\/dt><\/dl><dl class='gallery-item'>\n\t\t\t<dt class='gallery-icon portrait'>\n\t\t\t\t<a href='https:\/\/bpzoliborz.pl\/bpzoliborz\/foto1\/'><img width=\"150\" height=\"150\" src=\"https:\/\/bpzoliborz.pl\/bpzoliborz\/wp-content\/uploads\/2021\/12\/foto1-150x150.png\" class=\"attachment-thumbnail size-thumbnail\" alt=\"zdj\u0119cie przedstawiaj\u0105ce nagrodzone prace podczas XIII Scenicznego Otwartego Festiwalu Artystycznego SOFA\" loading=\"lazy\" srcset=\"https:\/\/bpzoliborz.pl\/bpzoliborz\/wp-content\/uploads\/2021\/12\/foto1-150x150.png 150w, https:\/\/bpzoliborz.pl\/bpzoliborz\/wp-content\/uploads\/2021\/12\/foto1-768x771.png 768w, https:\/\/bpzoliborz.pl\/bpzoliborz\/wp-content\/uploads\/2021\/12\/foto1-300x300.png 300w, https:\/\/bpzoliborz.pl\/bpzoliborz\/wp-content\/uploads\/2021\/12\/foto1-e1638885980729.png 1080w\" sizes=\"(max-width: 150px) 100vw, 150px\" \/><\/a>\n\t\t\t<\/dt><\/dl><dl class='gallery-item'>\n\t\t\t<dt class='gallery-icon landscape'>\n\t\t\t\t<a href='https:\/\/bpzoliborz.pl\/bpzoliborz\/foto3\/'><img width=\"150\" height=\"150\" src=\"https:\/\/bpzoliborz.pl\/bpzoliborz\/wp-content\/uploads\/2021\/12\/foto3-150x150.png\" class=\"attachment-thumbnail size-thumbnail\" alt=\"zdj\u0119cie przedstawiaj\u0105ce nagrodzone prace podczas XIII Scenicznego Otwartego Festiwalu Artystycznego SOFA\" loading=\"lazy\" srcset=\"https:\/\/bpzoliborz.pl\/bpzoliborz\/wp-content\/uploads\/2021\/12\/foto3-150x150.png 150w, https:\/\/bpzoliborz.pl\/bpzoliborz\/wp-content\/uploads\/2021\/12\/foto3-768x765.png 768w, https:\/\/bpzoliborz.pl\/bpzoliborz\/wp-content\/uploads\/2021\/12\/foto3-300x300.png 300w, https:\/\/bpzoliborz.pl\/bpzoliborz\/wp-content\/uploads\/2021\/12\/foto3-e1638886141374.png 1080w\" sizes=\"(max-width: 150px) 100vw, 150px\" \/><\/a>\n\t\t\t<\/dt><\/dl><dl class='gallery-item'>\n\t\t\t<dt class='gallery-icon portrait'>\n\t\t\t\t<a href='https:\/\/bpzoliborz.pl\/bpzoliborz\/foto4\/'><img width=\"150\" height=\"150\" src=\"https:\/\/bpzoliborz.pl\/bpzoliborz\/wp-content\/uploads\/2021\/12\/foto4-150x150.png\" class=\"attachment-thumbnail size-thumbnail\" alt=\"zdj\u0119cie przedstawiaj\u0105ce nagrodzone prace podczas XIII Scenicznego Otwartego Festiwalu Artystycznego SOFA\" loading=\"lazy\" srcset=\"https:\/\/bpzoliborz.pl\/bpzoliborz\/wp-content\/uploads\/2021\/12\/foto4-150x150.png 150w, https:\/\/bpzoliborz.pl\/bpzoliborz\/wp-content\/uploads\/2021\/12\/foto4-768x770.png 768w, https:\/\/bpzoliborz.pl\/bpzoliborz\/wp-content\/uploads\/2021\/12\/foto4-300x300.png 300w, https:\/\/bpzoliborz.pl\/bpzoliborz\/wp-content\/uploads\/2021\/12\/foto4-e1638886163108.png 1080w\" sizes=\"(max-width: 150px) 100vw, 150px\" \/><\/a>\n\t\t\t<\/dt><\/dl><br style=\"clear: both\" \/>\n\t\t<\/div>\n\r\n<p>&nbsp;<\/p>\r\n","protected":false},"excerpt":{"rendered":"<p>Przez ca\u0142y grudzie\u0144 ogl\u0105da\u0107 mo\u017cna w hallu Wypo\u017cyczalni nr 16 wystaw\u0119 fotograficzn\u0105 prac nagrodzonych na XIII edycji Scenicznego Otwartego Festiwalu Artystycznego SOFA w kategorii Sekcja Fotograficzna. SOFA to jeden z najwi\u0119kszych m\u0142odzie\u017cowych festiwali artystycznych w Polsce, organizowany od 2008 roku przez uczni\u00f3w LXIV LO im. St. I. Witkiewicza \u201eWitkacego\u201d w Warszawie. Festiwal \u0142\u0105czy wiele form&hellip;&nbsp;<a href=\"https:\/\/bpzoliborz.pl\/bpzoliborz\/index.php\/events\/sofa-wystawa-zwycieskich-prac-fotograficznych\/\" class=\"\" rel=\"bookmark\">Czytaj wi\u0119cej &raquo;<span class=\"screen-reader-text\">SOFA &#8211; wystawa zwyci\u0119skich prac fotograficznych<\/span><\/a><\/p>\n","protected":false},"author":9,"featured_media":8221,"comment_status":"closed","ping_status":"closed","template":"","tags":[493,494,492,76,495],"mec_category":[25],"_links":{"self":[{"href":"https:\/\/bpzoliborz.pl\/bpzoliborz\/index.php\/wp-json\/wp\/v2\/mec-events\/8224"}],"collection":[{"href":"https:\/\/bpzoliborz.pl\/bpzoliborz\/index.php\/wp-json\/wp\/v2\/mec-events"}],"about":[{"href":"https:\/\/bpzoliborz.pl\/bpzoliborz\/index.php\/wp-json\/wp\/v2\/types\/mec-events"}],"author":[{"embeddable":true,"href":"https:\/\/bpzoliborz.pl\/bpzoliborz\/index.php\/wp-json\/wp\/v2\/users\/9"}],"replies":[{"embeddable":true,"href":"https:\/\/bpzoliborz.pl\/bpzoliborz\/index.php\/wp-json\/wp\/v2\/comments?post=8224"}],"version-history":[{"count":3,"href":"https:\/\/bpzoliborz.pl\/bpzoliborz\/index.php\/wp-json\/wp\/v2\/mec-events\/8224\/revisions"}],"predecessor-version":[{"id":8230,"href":"https:\/\/bpzoliborz.pl\/bpzoliborz\/index.php\/wp-json\/wp\/v2\/mec-events\/8224\/revisions\/8230"}],"wp:featuredmedia":[{"embeddable":true,"href":"https:\/\/bpzoliborz.pl\/bpzoliborz\/index.php\/wp-json\/wp\/v2\/media\/8221"}],"wp:attachment":[{"href":"https:\/\/bpzoliborz.pl\/bpzoliborz\/index.php\/wp-json\/wp\/v2\/media?parent=8224"}],"wp:term":[{"taxonomy":"post_tag","embeddable":true,"href":"https:\/\/bpzoliborz.pl\/bpzoliborz\/index.php\/wp-json\/wp\/v2\/tags?post=8224"},{"taxonomy":"mec_category","embeddable":true,"href":"https:\/\/bpzoliborz.pl\/bpzoliborz\/index.php\/wp-json\/wp\/v2\/mec_category?post=8224"}],"curies":[{"name":"wp","href":"https:\/\/api.w.org\/{rel}","templated":true}]}}

SOFA &#8211; wystawa zwycięskich prac fotograficznych

<p>Przez cały grudzień oglądać można w hallu Wypożyczalni nr 16 wystawę fotograficzną prac nagrodzonych na XIII edycji <strong>Scenicznego Otwartego Festiwalu Artystycznego SOFA</strong> w kategorii Sekcja Fotograficzna.</p>
<p>SOFA to jeden z największych młodzieżowych festiwali artystycznych w Polsce, organizowany od 2008 roku przez uczniów LXIV LO im. St. I. Witkiewicza „Witkacego” w Warszawie. Festiwal łączy wiele form wyrazu artystycznego – od tańca oraz muzyki, przez teatr i malarstwo, aż po film czy fotografię. Wzięcie udziału w konkursie daje możliwość pokazania swojego talentu całej Warszawie, usłyszenia komentarzy od specjalistów czy nawet wygrania nagrody o charakterze rozwojowym.</p>
<p>&nbsp;</p>

<p style="text-align: center"><strong>Laureaci tegorocznej edycji w Sekcji Fotografia:</strong></p>
<p style="text-align: center">

</p>
<p style="text-align: center"><img loading="lazy" src="https://static.xx.fbcdn.net/images/emoji.php/v9/ted/1.5/16/1f947.png" alt="🥇" width="16" height="16" /> Jan Kowalik</p>
<p style="text-align: center">

</p>
<p style="text-align: center"><img loading="lazy" src="https://static.xx.fbcdn.net/images/emoji.php/v9/t6e/1.5/16/1f948.png" alt="🥈" width="16" height="16" /> Agata Kloz</p>
<p style="text-align: center">

</p>
<p style="text-align: center"><img loading="lazy" src="https://static.xx.fbcdn.net/images/emoji.php/v9/tef/1.5/16/1f949.png" alt="🥉" width="16" height="16" /> Antoni Kobus</p>
<p style="text-align: center">

</p>
<p style="text-align: center">Nagroda publiczności: Maciej Piórek</p>
<p>&nbsp;</p>
<p style="text-align: center">Serdecznie gratulujemy i zapraszamy do oglądania prac!</p>
<p>&nbsp;</p>
<div id='gallery-1' class='gallery galleryid-8224 gallery-columns-4 gallery-size-thumbnail'><dl class='gallery-item'>
			<dt class='gallery-icon portrait'>
				<a href='https://bpzoliborz.pl/bpzoliborz/index.php/events/sofa-wystawa-zwycieskich-prac-fotograficznych/foto2/'><img width="150" height="150" src="https://bpzoliborz.pl/bpzoliborz/wp-content/uploads/2021/12/foto2-150x150.png" class="attachment-thumbnail size-thumbnail" alt="zdjęcie przedstawiające nagrodzone prace podczas XIII Scenicznego Otwartego Festiwalu Artystycznego SOFA" loading="lazy" srcset="https://bpzoliborz.pl/bpzoliborz/wp-content/uploads/2021/12/foto2-150x150.png 150w, https://bpzoliborz.pl/bpzoliborz/wp-content/uploads/2021/12/foto2-300x300.png 300w" sizes="(max-width: 150px) 100vw, 150px" /></a>
			</dt></dl><dl class='gallery-item'>
			<dt class='gallery-icon portrait'>
				<a href='https://bpzoliborz.pl/bpzoliborz/foto1/'><img width="150" height="150" src="https://bpzoliborz.pl/bpzoliborz/wp-content/uploads/2021/12/foto1-150x150.png" class="attachment-thumbnail size-thumbnail" alt="zdjęcie przedstawiające nagrodzone prace podczas XIII Scenicznego Otwartego Festiwalu Artystycznego SOFA" loading="lazy" srcset="https://bpzoliborz.pl/bpzoliborz/wp-content/uploads/2021/12/foto1-150x150.png 150w, https://bpzoliborz.pl/bpzoliborz/wp-content/uploads/2021/12/foto1-768x771.png 768w, https://bpzoliborz.pl/bpzoliborz/wp-content/uploads/2021/12/foto1-300x300.png 300w, https://bpzoliborz.pl/bpzoliborz/wp-content/uploads/2021/12/foto1-e1638885980729.png 1080w" sizes="(max-width: 150px) 100vw, 150px" /></a>
			</dt></dl><dl class='gallery-item'>
			<dt class='gallery-icon landscape'>
				<a href='https://bpzoliborz.pl/bpzoliborz/foto3/'><img width="150" height="150" src="https://bpzoliborz.pl/bpzoliborz/wp-content/uploads/2021/12/foto3-150x150.png" class="attachment-thumbnail size-thumbnail" alt="zdjęcie przedstawiające nagrodzone prace podczas XIII Scenicznego Otwartego Festiwalu Artystycznego SOFA" loading="lazy" srcset="https://bpzoliborz.pl/bpzoliborz/wp-content/uploads/2021/12/foto3-150x150.png 150w, https://bpzoliborz.pl/bpzoliborz/wp-content/uploads/2021/12/foto3-768x765.png 768w, https://bpzoliborz.pl/bpzoliborz/wp-content/uploads/2021/12/foto3-300x300.png 300w, https://bpzoliborz.pl/bpzoliborz/wp-content/uploads/2021/12/foto3-e1638886141374.png 1080w" sizes="(max-width: 150px) 100vw, 150px" /></a>
			</dt></dl><dl class='gallery-item'>
			<dt class='gallery-icon portrait'>
				<a href='https://bpzoliborz.pl/bpzoliborz/foto4/'><img width="150" height="150" src="https://bpzoliborz.pl/bpzoliborz/wp-content/uploads/2021/12/foto4-150x150.png" class="attachment-thumbnail size-thumbnail" alt="zdjęcie przedstawiające nagrodzone prace podczas XIII Scenicznego Otwartego Festiwalu Artystycznego SOFA" loading="lazy" srcset="https://bpzoliborz.pl/bpzoliborz/wp-content/uploads/2021/12/foto4-150x150.png 150w, https://bpzoliborz.pl/bpzoliborz/wp-content/uploads/2021/12/foto4-768x770.png 768w, https://bpzoliborz.pl/bpzoliborz/wp-content/uploads/2021/12/foto4-300x300.png 300w, https://bpzoliborz.pl/bpzoliborz/wp-content/uploads/2021/12/foto4-e1638886163108.png 1080w" sizes="(max-width: 150px) 100vw, 150px" /></a>
			</dt></dl><br style="clear: both" />
		</div>

<p>&nbsp;</p>

<p>Przez cały grudzień oglądać można w hallu Wypożyczalni nr 16 wystawę fotograficzną prac nagrodzonych na XIII edycji Scenicznego Otwartego Festiwalu Artystycznego SOFA w kategorii Sekcja Fotograficzna. SOFA to jeden z największych młodzieżowych festiwali artystycznych w Polsce, organizowany od 2008 roku przez uczniów LXIV LO im. St. I. Witkiewicza „Witkacego” w Warszawie. Festiwal łączy wiele form&hellip;&nbsp;<a href="https://bpzoliborz.pl/bpzoliborz/index.php/events/sofa-wystawa-zwycieskich-prac-fotograficznych/" class="" rel="bookmark">Czytaj więcej &raquo;<span class="screen-reader-text">SOFA &#8211; wystawa zwycięskich prac fotograficznych</span></a></p>
