{"id":33469,"date":"2026-08-27T11:54:48","date_gmt":"2026-08-27T09:54:48","guid":{"rendered":"https:\/\/bpzoliborz.pl\/bpzoliborz\/?post_type=mec-events&#038;p=33469"},"modified":"2026-08-27T11:55:42","modified_gmt":"2026-08-27T09:55:42","slug":"trening-pamiec-i-koncentracja-dla-seniorow-762","status":"publish","type":"mec-events","link":"https:\/\/bpzoliborz.pl\/bpzoliborz\/index.php\/events\/trening-pamiec-i-koncentracja-dla-seniorow-762\/","title":{"rendered":"Trening \u201ePami\u0119\u0107 i koncentracja&#8221;"},"content":{"rendered":"<p style=\"text-align: center\" data-start=\"76\" data-end=\"354\">Warsztaty dla senior\u00f3w &#8211; \u0107wiczenia pami\u0119ci, wyobra\u017ani przestrzennej i logicznego my\u015blenia.<\/p>\n<p style=\"text-align: center\"><strong>KIEDY:<\/strong><\/p>\n<p style=\"text-align: center\"><strong><span class=\"a_GcMg font-feature-liga-off font-feature-clig-off font-feature-calt-off text-decoration-none text-strikethrough-none\">Grupa 1: 16 wrze\u015bnia (\u015broda) <\/span><\/strong><span class=\"a_GcMg font-feature-liga-off font-feature-clig-off font-feature-calt-off text-decoration-none text-strikethrough-none\">16.00-18.00<\/span><\/p>\n<p style=\"text-align: center\"><strong><span class=\"a_GcMg font-feature-liga-off font-feature-clig-off font-feature-calt-off text-decoration-none text-strikethrough-none\">Grupa 2: 30 wrze\u015bnia (\u015broda) <\/span><\/strong><span class=\"a_GcMg font-feature-liga-off font-feature-clig-off font-feature-calt-off text-decoration-none text-strikethrough-none\">16.00-18.00<\/span><\/p>\n<p style=\"text-align: center\"><strong>GDZIE: <\/strong>Wypo\u017cyczalnia nr 138,<br \/>\n<span class=\"a_GcMg font-feature-liga-off font-feature-clig-off font-feature-calt-off text-decoration-none text-strikethrough-none\">ul. Broniewskiego 9a<\/span><\/p>\n<p style=\"text-align: center\">Zapisy pod numerem telefonu 22 633-90-80<\/p>\n","protected":false},"excerpt":{"rendered":"<p>Warsztaty dla senior\u00f3w &#8211; \u0107wiczenia pami\u0119ci, wyobra\u017ani przestrzennej i logicznego my\u015blenia. KIEDY: Grupa 1: 16 wrze\u015bnia (\u015broda) 16.00-18.00 Grupa 2: 30 wrze\u015bnia (\u015broda) 16.00-18.00 GDZIE: Wypo\u017cyczalnia nr 138, ul. Broniewskiego 9a Zapisy pod numerem telefonu 22 633-90-80<\/p>\n","protected":false},"author":24,"featured_media":33445,"comment_status":"closed","ping_status":"closed","template":"","tags":[],"mec_category":[30],"_links":{"self":[{"href":"https:\/\/bpzoliborz.pl\/bpzoliborz\/index.php\/wp-json\/wp\/v2\/mec-events\/33469"}],"collection":[{"href":"https:\/\/bpzoliborz.pl\/bpzoliborz\/index.php\/wp-json\/wp\/v2\/mec-events"}],"about":[{"href":"https:\/\/bpzoliborz.pl\/bpzoliborz\/index.php\/wp-json\/wp\/v2\/types\/mec-events"}],"author":[{"embeddable":true,"href":"https:\/\/bpzoliborz.pl\/bpzoliborz\/index.php\/wp-json\/wp\/v2\/users\/24"}],"replies":[{"embeddable":true,"href":"https:\/\/bpzoliborz.pl\/bpzoliborz\/index.php\/wp-json\/wp\/v2\/comments?post=33469"}],"version-history":[{"count":2,"href":"https:\/\/bpzoliborz.pl\/bpzoliborz\/index.php\/wp-json\/wp\/v2\/mec-events\/33469\/revisions"}],"predecessor-version":[{"id":33471,"href":"https:\/\/bpzoliborz.pl\/bpzoliborz\/index.php\/wp-json\/wp\/v2\/mec-events\/33469\/revisions\/33471"}],"wp:featuredmedia":[{"embeddable":true,"href":"https:\/\/bpzoliborz.pl\/bpzoliborz\/index.php\/wp-json\/wp\/v2\/media\/33445"}],"wp:attachment":[{"href":"https:\/\/bpzoliborz.pl\/bpzoliborz\/index.php\/wp-json\/wp\/v2\/media?parent=33469"}],"wp:term":[{"taxonomy":"post_tag","embeddable":true,"href":"https:\/\/bpzoliborz.pl\/bpzoliborz\/index.php\/wp-json\/wp\/v2\/tags?post=33469"},{"taxonomy":"mec_category","embeddable":true,"href":"https:\/\/bpzoliborz.pl\/bpzoliborz\/index.php\/wp-json\/wp\/v2\/mec_category?post=33469"}],"curies":[{"name":"wp","href":"https:\/\/api.w.org\/{rel}","templated":true}]}}

Trening „Pamięć i koncentracja&#8221;

<p style="text-align: center" data-start="76" data-end="354">Warsztaty dla seniorów &#8211; ćwiczenia pamięci, wyobraźni przestrzennej i logicznego myślenia.</p>
<p style="text-align: center"><strong>KIEDY:</strong></p>
<p style="text-align: center"><strong><span class="a_GcMg font-feature-liga-off font-feature-clig-off font-feature-calt-off text-decoration-none text-strikethrough-none">Grupa 1: 16 września (środa) </span></strong><span class="a_GcMg font-feature-liga-off font-feature-clig-off font-feature-calt-off text-decoration-none text-strikethrough-none">16.00-18.00</span></p>
<p style="text-align: center"><strong><span class="a_GcMg font-feature-liga-off font-feature-clig-off font-feature-calt-off text-decoration-none text-strikethrough-none">Grupa 2: 30 września (środa) </span></strong><span class="a_GcMg font-feature-liga-off font-feature-clig-off font-feature-calt-off text-decoration-none text-strikethrough-none">16.00-18.00</span></p>
<p style="text-align: center"><strong>GDZIE: </strong>Wypożyczalnia nr 138,<br />
<span class="a_GcMg font-feature-liga-off font-feature-clig-off font-feature-calt-off text-decoration-none text-strikethrough-none">ul. Broniewskiego 9a</span></p>
<p style="text-align: center">Zapisy pod numerem telefonu 22 633-90-80</p>

<p>Warsztaty dla seniorów &#8211; ćwiczenia pamięci, wyobraźni przestrzennej i logicznego myślenia. KIEDY: Grupa 1: 16 września (środa) 16.00-18.00 Grupa 2: 30 września (środa) 16.00-18.00 GDZIE: Wypożyczalnia nr 138, ul. Broniewskiego 9a Zapisy pod numerem telefonu 22 633-90-80</p>
