{"id":32136,"date":"2026-04-29T14:39:58","date_gmt":"2026-04-29T12:39:58","guid":{"rendered":"https:\/\/bpzoliborz.pl\/bpzoliborz\/?post_type=mec-events&#038;p=32136"},"modified":"2026-04-29T15:03:11","modified_gmt":"2026-04-29T13:03:11","slug":"spotkanie-autorskie-z-kamilem-brachem","status":"publish","type":"mec-events","link":"https:\/\/bpzoliborz.pl\/bpzoliborz\/index.php\/events\/spotkanie-autorskie-z-kamilem-brachem\/","title":{"rendered":"Spotkanie autorskie z Kamilem Brachem"},"content":{"rendered":"<p>Rozmowa z autorem dw\u00f3ch powie\u015bci oraz opowiada\u0144 osadzonych w autorskim uniwersum Departamentu Czasu. Jego tw\u00f3rczo\u015b\u0107 to intryguj\u0105ce po\u0142\u0105czenie prozy obyczajowej i literatury science fiction, kt\u00f3re sk\u0142ania do refleksji i przenosi czytelnika w nieoczywiste \u015bwiaty.<\/p>\n<p>Spotkanie organizowane w ramach Tygodnia Bibliotek.<\/p>\n","protected":false},"excerpt":{"rendered":"<p>Rozmowa z autorem dw\u00f3ch powie\u015bci oraz opowiada\u0144 osadzonych w autorskim uniwersum Departamentu Czasu. Jego tw\u00f3rczo\u015b\u0107 to intryguj\u0105ce po\u0142\u0105czenie prozy obyczajowej i literatury science fiction, kt\u00f3re sk\u0142ania do refleksji i przenosi czytelnika w nieoczywiste \u015bwiaty. Spotkanie organizowane w ramach Tygodnia Bibliotek.<\/p>\n","protected":false},"author":19,"featured_media":32138,"comment_status":"closed","ping_status":"closed","template":"","tags":[1724,2130,75,331],"mec_category":[],"_links":{"self":[{"href":"https:\/\/bpzoliborz.pl\/bpzoliborz\/index.php\/wp-json\/wp\/v2\/mec-events\/32136"}],"collection":[{"href":"https:\/\/bpzoliborz.pl\/bpzoliborz\/index.php\/wp-json\/wp\/v2\/mec-events"}],"about":[{"href":"https:\/\/bpzoliborz.pl\/bpzoliborz\/index.php\/wp-json\/wp\/v2\/types\/mec-events"}],"author":[{"embeddable":true,"href":"https:\/\/bpzoliborz.pl\/bpzoliborz\/index.php\/wp-json\/wp\/v2\/users\/19"}],"replies":[{"embeddable":true,"href":"https:\/\/bpzoliborz.pl\/bpzoliborz\/index.php\/wp-json\/wp\/v2\/comments?post=32136"}],"version-history":[{"count":1,"href":"https:\/\/bpzoliborz.pl\/bpzoliborz\/index.php\/wp-json\/wp\/v2\/mec-events\/32136\/revisions"}],"predecessor-version":[{"id":32137,"href":"https:\/\/bpzoliborz.pl\/bpzoliborz\/index.php\/wp-json\/wp\/v2\/mec-events\/32136\/revisions\/32137"}],"wp:featuredmedia":[{"embeddable":true,"href":"https:\/\/bpzoliborz.pl\/bpzoliborz\/index.php\/wp-json\/wp\/v2\/media\/32138"}],"wp:attachment":[{"href":"https:\/\/bpzoliborz.pl\/bpzoliborz\/index.php\/wp-json\/wp\/v2\/media?parent=32136"}],"wp:term":[{"taxonomy":"post_tag","embeddable":true,"href":"https:\/\/bpzoliborz.pl\/bpzoliborz\/index.php\/wp-json\/wp\/v2\/tags?post=32136"},{"taxonomy":"mec_category","embeddable":true,"href":"https:\/\/bpzoliborz.pl\/bpzoliborz\/index.php\/wp-json\/wp\/v2\/mec_category?post=32136"}],"curies":[{"name":"wp","href":"https:\/\/api.w.org\/{rel}","templated":true}]}}

<p>Rozmowa z autorem dwóch powieści oraz opowiadań osadzonych w autorskim uniwersum Departamentu Czasu. Jego twórczość to intrygujące połączenie prozy obyczajowej i literatury science fiction, które skłania do refleksji i przenosi czytelnika w nieoczywiste światy.</p>
<p>Spotkanie organizowane w ramach Tygodnia Bibliotek.</p>

<p>Rozmowa z autorem dwóch powieści oraz opowiadań osadzonych w autorskim uniwersum Departamentu Czasu. Jego twórczość to intrygujące połączenie prozy obyczajowej i literatury science fiction, które skłania do refleksji i przenosi czytelnika w nieoczywiste światy. Spotkanie organizowane w ramach Tygodnia Bibliotek.</p>
