{"id":32130,"date":"2026-04-29T14:27:31","date_gmt":"2026-04-29T12:27:31","guid":{"rendered":"https:\/\/bpzoliborz.pl\/bpzoliborz\/?post_type=mec-events&#038;p=32130"},"modified":"2026-04-29T15:03:35","modified_gmt":"2026-04-29T13:03:35","slug":"koncert-zespolu-les-souvenirs","status":"publish","type":"mec-events","link":"https:\/\/bpzoliborz.pl\/bpzoliborz\/index.php\/events\/koncert-zespolu-les-souvenirs\/","title":{"rendered":"Koncert zespo\u0142u Les Souvenirs"},"content":{"rendered":"<div class=\"xdj266r x14z9mp xat24cr x1lziwak x1vvkbs\">Les Souvenirs to projekt wsp\u00f3\u0142tworzony od 2021 roku przez gitarzyst\u00f3w Mariusza Pomiana i Karola Szczube\u0142ka, kt\u00f3rzy uwielbiaj\u0105 dzieli\u0107 scen\u0119 z zaprzyja\u017anionymi muzykami podczas wyst\u0105pie\u0144 w r\u00f3\u017cnych sk\u0142adach.<\/div>\n<div class=\"x14z9mp xat24cr x1lziwak x1vvkbs xtlvy1s\">Tym razem Les Souvenirs wyst\u0105pi\u0105 jako trio:<\/div>\n<div class=\"x14z9mp xat24cr x1lziwak x1vvkbs xtlvy1s\">Mariusz Pomian &#8211; gitara<br class=\"html-br\" \/>Karol Szczube\u0142ek &#8211; gitara<br class=\"html-br\" \/>Wojciech Traczyk &#8211; kontrabas<\/div>\n<div><\/div>\n<div>Wydarzenie organizowane w ramach Tygodnia Bibliotek.<\/div>\n","protected":false},"excerpt":{"rendered":"<p>Les Souvenirs to projekt wsp\u00f3\u0142tworzony od 2021 roku przez gitarzyst\u00f3w Mariusza Pomiana i Karola Szczube\u0142ka, kt\u00f3rzy uwielbiaj\u0105 dzieli\u0107 scen\u0119 z zaprzyja\u017anionymi muzykami podczas wyst\u0105pie\u0144 w r\u00f3\u017cnych sk\u0142adach. Tym razem Les Souvenirs wyst\u0105pi\u0105 jako trio: Mariusz Pomian &#8211; gitaraKarol Szczube\u0142ek &#8211; gitaraWojciech Traczyk &#8211; kontrabas Wydarzenie organizowane w ramach Tygodnia Bibliotek.<\/p>\n","protected":false},"author":19,"featured_media":32131,"comment_status":"closed","ping_status":"closed","template":"","tags":[2169,2114,407,2170,331],"mec_category":[],"_links":{"self":[{"href":"https:\/\/bpzoliborz.pl\/bpzoliborz\/index.php\/wp-json\/wp\/v2\/mec-events\/32130"}],"collection":[{"href":"https:\/\/bpzoliborz.pl\/bpzoliborz\/index.php\/wp-json\/wp\/v2\/mec-events"}],"about":[{"href":"https:\/\/bpzoliborz.pl\/bpzoliborz\/index.php\/wp-json\/wp\/v2\/types\/mec-events"}],"author":[{"embeddable":true,"href":"https:\/\/bpzoliborz.pl\/bpzoliborz\/index.php\/wp-json\/wp\/v2\/users\/19"}],"replies":[{"embeddable":true,"href":"https:\/\/bpzoliborz.pl\/bpzoliborz\/index.php\/wp-json\/wp\/v2\/comments?post=32130"}],"version-history":[{"count":2,"href":"https:\/\/bpzoliborz.pl\/bpzoliborz\/index.php\/wp-json\/wp\/v2\/mec-events\/32130\/revisions"}],"predecessor-version":[{"id":32145,"href":"https:\/\/bpzoliborz.pl\/bpzoliborz\/index.php\/wp-json\/wp\/v2\/mec-events\/32130\/revisions\/32145"}],"wp:featuredmedia":[{"embeddable":true,"href":"https:\/\/bpzoliborz.pl\/bpzoliborz\/index.php\/wp-json\/wp\/v2\/media\/32131"}],"wp:attachment":[{"href":"https:\/\/bpzoliborz.pl\/bpzoliborz\/index.php\/wp-json\/wp\/v2\/media?parent=32130"}],"wp:term":[{"taxonomy":"post_tag","embeddable":true,"href":"https:\/\/bpzoliborz.pl\/bpzoliborz\/index.php\/wp-json\/wp\/v2\/tags?post=32130"},{"taxonomy":"mec_category","embeddable":true,"href":"https:\/\/bpzoliborz.pl\/bpzoliborz\/index.php\/wp-json\/wp\/v2\/mec_category?post=32130"}],"curies":[{"name":"wp","href":"https:\/\/api.w.org\/{rel}","templated":true}]}}

Koncert zespołu Les Souvenirs

<div class="xdj266r x14z9mp xat24cr x1lziwak x1vvkbs">Les Souvenirs to projekt współtworzony od 2021 roku przez gitarzystów Mariusza Pomiana i Karola Szczubełka, którzy uwielbiają dzielić scenę z zaprzyjaźnionymi muzykami podczas wystąpień w różnych składach.</div>
<div class="x14z9mp xat24cr x1lziwak x1vvkbs xtlvy1s">Tym razem Les Souvenirs wystąpią jako trio:</div>
<div class="x14z9mp xat24cr x1lziwak x1vvkbs xtlvy1s">Mariusz Pomian &#8211; gitara<br class="html-br" />Karol Szczubełek &#8211; gitara<br class="html-br" />Wojciech Traczyk &#8211; kontrabas</div>
<div></div>
<div>Wydarzenie organizowane w ramach Tygodnia Bibliotek.</div>

<p>Les Souvenirs to projekt współtworzony od 2021 roku przez gitarzystów Mariusza Pomiana i Karola Szczubełka, którzy uwielbiają dzielić scenę z zaprzyjaźnionymi muzykami podczas wystąpień w różnych składach. Tym razem Les Souvenirs wystąpią jako trio: Mariusz Pomian &#8211; gitaraKarol Szczubełek &#8211; gitaraWojciech Traczyk &#8211; kontrabas Wydarzenie organizowane w ramach Tygodnia Bibliotek.</p>
