{"id":31640,"date":"2026-03-18T15:08:18","date_gmt":"2026-03-18T14:08:18","guid":{"rendered":"https:\/\/bpzoliborz.pl\/bpzoliborz\/?post_type=mec-events&#038;p=31640"},"modified":"2026-03-18T15:51:02","modified_gmt":"2026-03-18T14:51:02","slug":"modernizm-w-architekturze-na-przykladzie-gdyni-prelekcja-ewy-kowalczyk-warszawianki-ktora-pokochala-gdynie","status":"publish","type":"mec-events","link":"https:\/\/bpzoliborz.pl\/bpzoliborz\/index.php\/events\/modernizm-w-architekturze-na-przykladzie-gdyni-prelekcja-ewy-kowalczyk-warszawianki-ktora-pokochala-gdynie\/","title":{"rendered":"\u201eModernizm w architekturze na przyk\u0142adzie Gdyni\u201d. Prelekcja Ewy Kowalczyk \u2013 warszawianki, kt\u00f3ra pokocha\u0142a Gdyni\u0119"},"content":{"rendered":"<p><strong>W 2026 roku obchodzimy 100-lecie nadania praw miejskich Gdyni.<\/strong><\/p>\n<p>&nbsp;<\/p>\n<p>Podczas prelekcji Ewa Kowalczyk opowie o gdy\u0144skiej architekturze modernistycznej.<\/p>\n<p>Prelegentka o sobie: &#8220;Jestem warszawiank\u0105, kt\u00f3ra pokocha\u0142a Gdyni\u0119.\u00a0 Fotografowaniem modernizmu, szczeg\u00f3lnie tego gdy\u0144skiego, zainteresowa\u0142am si\u0119 przy okazji pisania pracy magisterskiej na temat architektury tego miasta&#8221;.<\/p>\n<p>&nbsp;<\/p>\n<p>&nbsp;<\/p>\n<p>&nbsp;<\/p>\n","protected":false},"excerpt":{"rendered":"<p>W 2026 roku obchodzimy 100-lecie nadania praw miejskich Gdyni. &nbsp; Podczas prelekcji Ewa Kowalczyk opowie o gdy\u0144skiej architekturze modernistycznej. Prelegentka o sobie: &#8220;Jestem warszawiank\u0105, kt\u00f3ra pokocha\u0142a Gdyni\u0119.\u00a0 Fotografowaniem modernizmu, szczeg\u00f3lnie tego gdy\u0144skiego, zainteresowa\u0142am si\u0119 przy okazji pisania pracy magisterskiej na temat architektury tego miasta&#8221;. &nbsp; &nbsp; &nbsp;<\/p>\n","protected":false},"author":19,"featured_media":31641,"comment_status":"closed","ping_status":"closed","template":"","tags":[],"mec_category":[],"_links":{"self":[{"href":"https:\/\/bpzoliborz.pl\/bpzoliborz\/index.php\/wp-json\/wp\/v2\/mec-events\/31640"}],"collection":[{"href":"https:\/\/bpzoliborz.pl\/bpzoliborz\/index.php\/wp-json\/wp\/v2\/mec-events"}],"about":[{"href":"https:\/\/bpzoliborz.pl\/bpzoliborz\/index.php\/wp-json\/wp\/v2\/types\/mec-events"}],"author":[{"embeddable":true,"href":"https:\/\/bpzoliborz.pl\/bpzoliborz\/index.php\/wp-json\/wp\/v2\/users\/19"}],"replies":[{"embeddable":true,"href":"https:\/\/bpzoliborz.pl\/bpzoliborz\/index.php\/wp-json\/wp\/v2\/comments?post=31640"}],"version-history":[{"count":1,"href":"https:\/\/bpzoliborz.pl\/bpzoliborz\/index.php\/wp-json\/wp\/v2\/mec-events\/31640\/revisions"}],"predecessor-version":[{"id":31642,"href":"https:\/\/bpzoliborz.pl\/bpzoliborz\/index.php\/wp-json\/wp\/v2\/mec-events\/31640\/revisions\/31642"}],"wp:featuredmedia":[{"embeddable":true,"href":"https:\/\/bpzoliborz.pl\/bpzoliborz\/index.php\/wp-json\/wp\/v2\/media\/31641"}],"wp:attachment":[{"href":"https:\/\/bpzoliborz.pl\/bpzoliborz\/index.php\/wp-json\/wp\/v2\/media?parent=31640"}],"wp:term":[{"taxonomy":"post_tag","embeddable":true,"href":"https:\/\/bpzoliborz.pl\/bpzoliborz\/index.php\/wp-json\/wp\/v2\/tags?post=31640"},{"taxonomy":"mec_category","embeddable":true,"href":"https:\/\/bpzoliborz.pl\/bpzoliborz\/index.php\/wp-json\/wp\/v2\/mec_category?post=31640"}],"curies":[{"name":"wp","href":"https:\/\/api.w.org\/{rel}","templated":true}]}}

„Modernizm w architekturze na przykładzie Gdyni”. Prelekcja Ewy Kowalczyk – warszawianki, która pokochała Gdynię

<p><strong>W 2026 roku obchodzimy 100-lecie nadania praw miejskich Gdyni.</strong></p>
<p>&nbsp;</p>
<p>Podczas prelekcji Ewa Kowalczyk opowie o gdyńskiej architekturze modernistycznej.</p>
<p>Prelegentka o sobie: &#8220;Jestem warszawianką, która pokochała Gdynię.  Fotografowaniem modernizmu, szczególnie tego gdyńskiego, zainteresowałam się przy okazji pisania pracy magisterskiej na temat architektury tego miasta&#8221;.</p>
<p>&nbsp;</p>
<p>&nbsp;</p>
<p>&nbsp;</p>

<p>W 2026 roku obchodzimy 100-lecie nadania praw miejskich Gdyni. &nbsp; Podczas prelekcji Ewa Kowalczyk opowie o gdyńskiej architekturze modernistycznej. Prelegentka o sobie: &#8220;Jestem warszawianką, która pokochała Gdynię.  Fotografowaniem modernizmu, szczególnie tego gdyńskiego, zainteresowałam się przy okazji pisania pracy magisterskiej na temat architektury tego miasta&#8221;. &nbsp; &nbsp; &nbsp;</p>
