{"id":31494,"date":"2026-03-03T16:56:50","date_gmt":"2026-03-03T15:56:50","guid":{"rendered":"https:\/\/bpzoliborz.pl\/bpzoliborz\/?post_type=mec-events&#038;p=31494"},"modified":"2026-03-03T16:56:50","modified_gmt":"2026-03-03T15:56:50","slug":"sasiedzka-wymiana-ksiazek-5","status":"publish","type":"mec-events","link":"https:\/\/bpzoliborz.pl\/bpzoliborz\/index.php\/events\/sasiedzka-wymiana-ksiazek-5\/","title":{"rendered":"S\u0105siedzka Wymiana Ksi\u0105\u017cek"},"content":{"rendered":"<p>Zapraszamy do Biblioteki przy ul. \u015amia\u0142ej 24 na\u00a0<strong>S\u0105siedzk\u0105 Wymian\u0119 Ksi\u0105\u017cek.<\/strong><\/p>\n<p>Mo\u017cecie przynie\u015b\u0107 ksi\u0105\u017cki, kt\u00f3rych nie potrzebujecie ju\u017c w domu, a w zamian wzi\u0105\u0107 inne z przygotowanej puli. W s\u0105siedzkiej Wymianie Ksi\u0105\u017cek bior\u0105 udzia\u0142 publikacje wydane po 2000 r. Ksi\u0105\u017cki przyniesione na S\u0105siedzk\u0105 Wymian\u0119 Ksi\u0105\u017cek musz\u0105 by\u0107 kompletne, niezniszczone, niezdezaktualizowane. W akcji bior\u0105 udzia\u0142 publikacje dla doros\u0142ych i dla dzieci.<\/p>\n<p><strong>2-13 marca 2026 r., Biblioteka przy ul. \u015amia\u0142ej 24 w godzinach otwarcia.<\/strong><\/p>\n<p><img loading=\"lazy\" class=\"wp-image-31491 aligncenter\" src=\"https:\/\/bpzoliborz.pl\/bpzoliborz\/wp-content\/uploads\/2026\/03\/sasiedzka-wymiana-ksiazek-marzec-2.jpg\" alt=\"\" width=\"434\" height=\"292\" srcset=\"https:\/\/bpzoliborz.pl\/bpzoliborz\/wp-content\/uploads\/2026\/03\/sasiedzka-wymiana-ksiazek-marzec-2.jpg 1080w, https:\/\/bpzoliborz.pl\/bpzoliborz\/wp-content\/uploads\/2026\/03\/sasiedzka-wymiana-ksiazek-marzec-2-768x517.jpg 768w\" sizes=\"(max-width: 434px) 100vw, 434px\" \/> <img loading=\"lazy\" class=\"wp-image-31490 aligncenter\" src=\"https:\/\/bpzoliborz.pl\/bpzoliborz\/wp-content\/uploads\/2026\/03\/sasiedzka-wymiana-ksiazek-marzec-1-1.jpg\" alt=\"\" width=\"437\" height=\"328\" srcset=\"https:\/\/bpzoliborz.pl\/bpzoliborz\/wp-content\/uploads\/2026\/03\/sasiedzka-wymiana-ksiazek-marzec-1-1.jpg 1080w, https:\/\/bpzoliborz.pl\/bpzoliborz\/wp-content\/uploads\/2026\/03\/sasiedzka-wymiana-ksiazek-marzec-1-1-768x576.jpg 768w\" sizes=\"(max-width: 437px) 100vw, 437px\" \/><\/p>\n","protected":false},"excerpt":{"rendered":"<p>Zapraszamy do Biblioteki przy ul. \u015amia\u0142ej 24 na\u00a0S\u0105siedzk\u0105 Wymian\u0119 Ksi\u0105\u017cek. Mo\u017cecie przynie\u015b\u0107 ksi\u0105\u017cki, kt\u00f3rych nie potrzebujecie ju\u017c w domu, a w zamian wzi\u0105\u0107 inne z przygotowanej puli. W s\u0105siedzkiej Wymianie Ksi\u0105\u017cek bior\u0105 udzia\u0142 publikacje wydane po 2000 r. Ksi\u0105\u017cki przyniesione na S\u0105siedzk\u0105 Wymian\u0119 Ksi\u0105\u017cek musz\u0105 by\u0107 kompletne, niezniszczone, niezdezaktualizowane. W akcji bior\u0105 udzia\u0142 publikacje dla&hellip;&nbsp;<a href=\"https:\/\/bpzoliborz.pl\/bpzoliborz\/index.php\/events\/sasiedzka-wymiana-ksiazek-5\/\" class=\"\" rel=\"bookmark\">Czytaj wi\u0119cej &raquo;<span class=\"screen-reader-text\">S\u0105siedzka Wymiana Ksi\u0105\u017cek<\/span><\/a><\/p>\n","protected":false},"author":11,"featured_media":0,"comment_status":"closed","ping_status":"closed","template":"","tags":[970],"mec_category":[1391],"_links":{"self":[{"href":"https:\/\/bpzoliborz.pl\/bpzoliborz\/index.php\/wp-json\/wp\/v2\/mec-events\/31494"}],"collection":[{"href":"https:\/\/bpzoliborz.pl\/bpzoliborz\/index.php\/wp-json\/wp\/v2\/mec-events"}],"about":[{"href":"https:\/\/bpzoliborz.pl\/bpzoliborz\/index.php\/wp-json\/wp\/v2\/types\/mec-events"}],"author":[{"embeddable":true,"href":"https:\/\/bpzoliborz.pl\/bpzoliborz\/index.php\/wp-json\/wp\/v2\/users\/11"}],"replies":[{"embeddable":true,"href":"https:\/\/bpzoliborz.pl\/bpzoliborz\/index.php\/wp-json\/wp\/v2\/comments?post=31494"}],"version-history":[{"count":1,"href":"https:\/\/bpzoliborz.pl\/bpzoliborz\/index.php\/wp-json\/wp\/v2\/mec-events\/31494\/revisions"}],"predecessor-version":[{"id":31495,"href":"https:\/\/bpzoliborz.pl\/bpzoliborz\/index.php\/wp-json\/wp\/v2\/mec-events\/31494\/revisions\/31495"}],"wp:attachment":[{"href":"https:\/\/bpzoliborz.pl\/bpzoliborz\/index.php\/wp-json\/wp\/v2\/media?parent=31494"}],"wp:term":[{"taxonomy":"post_tag","embeddable":true,"href":"https:\/\/bpzoliborz.pl\/bpzoliborz\/index.php\/wp-json\/wp\/v2\/tags?post=31494"},{"taxonomy":"mec_category","embeddable":true,"href":"https:\/\/bpzoliborz.pl\/bpzoliborz\/index.php\/wp-json\/wp\/v2\/mec_category?post=31494"}],"curies":[{"name":"wp","href":"https:\/\/api.w.org\/{rel}","templated":true}]}}

Sąsiedzka Wymiana Książek

<p>Zapraszamy do Biblioteki przy ul. Śmiałej 24 na <strong>Sąsiedzką Wymianę Książek.</strong></p>
<p>Możecie przynieść książki, których nie potrzebujecie już w domu, a w zamian wziąć inne z przygotowanej puli. W sąsiedzkiej Wymianie Książek biorą udział publikacje wydane po 2000 r. Książki przyniesione na Sąsiedzką Wymianę Książek muszą być kompletne, niezniszczone, niezdezaktualizowane. W akcji biorą udział publikacje dla dorosłych i dla dzieci.</p>
<p><strong>2-13 marca 2026 r., Biblioteka przy ul. Śmiałej 24 w godzinach otwarcia.</strong></p>
<p><img loading="lazy" class="wp-image-31491 aligncenter" src="https://bpzoliborz.pl/bpzoliborz/wp-content/uploads/2026/03/sasiedzka-wymiana-ksiazek-marzec-2.jpg" alt="" width="434" height="292" srcset="https://bpzoliborz.pl/bpzoliborz/wp-content/uploads/2026/03/sasiedzka-wymiana-ksiazek-marzec-2.jpg 1080w, https://bpzoliborz.pl/bpzoliborz/wp-content/uploads/2026/03/sasiedzka-wymiana-ksiazek-marzec-2-768x517.jpg 768w" sizes="(max-width: 434px) 100vw, 434px" /> <img loading="lazy" class="wp-image-31490 aligncenter" src="https://bpzoliborz.pl/bpzoliborz/wp-content/uploads/2026/03/sasiedzka-wymiana-ksiazek-marzec-1-1.jpg" alt="" width="437" height="328" srcset="https://bpzoliborz.pl/bpzoliborz/wp-content/uploads/2026/03/sasiedzka-wymiana-ksiazek-marzec-1-1.jpg 1080w, https://bpzoliborz.pl/bpzoliborz/wp-content/uploads/2026/03/sasiedzka-wymiana-ksiazek-marzec-1-1-768x576.jpg 768w" sizes="(max-width: 437px) 100vw, 437px" /></p>

<p>Zapraszamy do Biblioteki przy ul. Śmiałej 24 na Sąsiedzką Wymianę Książek. Możecie przynieść książki, których nie potrzebujecie już w domu, a w zamian wziąć inne z przygotowanej puli. W sąsiedzkiej Wymianie Książek biorą udział publikacje wydane po 2000 r. Książki przyniesione na Sąsiedzką Wymianę Książek muszą być kompletne, niezniszczone, niezdezaktualizowane. W akcji biorą udział publikacje dla&hellip;&nbsp;<a href="https://bpzoliborz.pl/bpzoliborz/index.php/events/sasiedzka-wymiana-ksiazek-5/" class="" rel="bookmark">Czytaj więcej &raquo;<span class="screen-reader-text">Sąsiedzka Wymiana Książek</span></a></p>
