{"id":24871,"date":"2024-11-29T13:44:58","date_gmt":"2024-11-29T12:44:58","guid":{"rendered":"https:\/\/bpzoliborz.pl\/bpzoliborz\/?post_type=mec-events&#038;p=24871"},"modified":"2024-11-29T13:49:23","modified_gmt":"2024-11-29T12:49:23","slug":"swiateczne-spotkanie-dla-mieszkancow-zoliborza-niedziela-w-forcie-sokolnickiego","status":"publish","type":"mec-events","link":"https:\/\/bpzoliborz.pl\/bpzoliborz\/index.php\/events\/swiateczne-spotkanie-dla-mieszkancow-zoliborza-niedziela-w-forcie-sokolnickiego\/","title":{"rendered":"\u015awi\u0105teczne spotkanie dla Mieszka\u0144c\u00f3w \u017boliborza &#8211; niedziela w Forcie Sokolnickiego"},"content":{"rendered":"<div class=\"xdj266r x11i5rnm xat24cr x1mh8g0r x1vvkbs\" style=\"text-align: center;\"><strong>\u015awi\u0105teczne Spotkanie dla Mieszka\u0144c\u00f3w \u017boliborza \u2013 Przyjd\u017a do Fortu Sokolnickiego na pe\u0142ne atrakcji wydarzenie!\u00a0<\/strong><\/div>\n<div><\/div>\n<p>&nbsp;<\/p>\n<div class=\"x11i5rnm xat24cr x1mh8g0r x1vvkbs xtlvy1s\">Rada i Zarz\u0105d Dzielnicy \u017boliborz serdecznie zapraszaj\u0105 wszystkich mieszka\u0144c\u00f3w na coroczne \u015bwi\u0105teczne spotkanie, kt\u00f3re odb\u0119dzie si\u0119 8 grudnia w klimatycznym <strong>Forcie Sokolnickiego przy ul. Stefana Czarnieckiego 51. W godzinach od 12:00 do 19:00<\/strong> czeka na Was mn\u00f3stwo atrakcji, warsztat\u00f3w, wyst\u0119p\u00f3w artystycznych i wsp\u00f3lnych chwil, kt\u00f3re wprowadz\u0105 nas w magiczny klimat nadchodz\u0105cych \u015awi\u0105t!<\/div>\n<div><\/div>\n<p>&nbsp;<\/p>\n<div style=\"text-align: center;\"><strong>Szukajcie stoiska bibliotecznego, gdzie wsp\u00f3lnie wykonamy ozdoby choinkowe!<\/strong><\/div>\n<div><\/div>\n<div><\/div>\n<p><!--more--><\/p>\n<div><\/div>\n<p><strong>Kreatywne warsztaty dla du\u017cych i ma\u0142ych<\/strong>. Od 12:00 do 17:00 mi\u0142o\u015bnicy r\u0119kodzie\u0142a b\u0119d\u0105 mogli stworzy\u0107 w\u0142asnor\u0119czne \u00a0\u015bwi\u0105teczne ozdoby:<\/p>\n<ul>\n<li class=\"x11i5rnm xat24cr x1mh8g0r x1vvkbs xtlvy1s\">wianki i choinki z wikliny \u2013 pi\u0119knie dekorowane,<\/li>\n<li class=\"x11i5rnm xat24cr x1mh8g0r x1vvkbs xtlvy1s\">gwiazdy betlejemskie z krepiny,<\/li>\n<li class=\"x11i5rnm xat24cr x1mh8g0r x1vvkbs xtlvy1s\">\u015bwiece zapachowe o r\u00f3\u017cnych kszta\u0142tach i aromatach.<\/li>\n<\/ul>\n<p>&nbsp;<\/p>\n<p><strong>Dodatkowo:<\/strong><\/p>\n<ul>\n<li class=\"x11i5rnm xat24cr x1mh8g0r x1vvkbs xtlvy1s\">warsztaty piernikarskie prowadzone przez specjalist\u00f3w z Muzeum Okr\u0119gowego w Toruniu,<\/li>\n<li class=\"x11i5rnm xat24cr x1mh8g0r x1vvkbs xtlvy1s\">tworzenie i dekorowanie czekolady z pomoc\u0105 Muzeum Czekolady z Poznania.<\/li>\n<li class=\"x11i5rnm xat24cr x1mh8g0r x1vvkbs xtlvy1s\">Fotolustro, PicBot i Snowtubing \u2013 zabawa dla ka\u017cdego!<\/li>\n<\/ul>\n<p>&nbsp;<\/p>\n<p><strong>W ramach \u015bwi\u0105tecznych aktywno\u015bci czeka na Was:<\/strong><\/p>\n<ul>\n<li>fotolustro do robienia pami\u0105tkowych zdj\u0119\u0107,<\/li>\n<li>PicBot \u2013 robot szkicuj\u0105cy Wasze portrety,<\/li>\n<li>dmuchana zje\u017cd\u017calnia typu snowtubing, kt\u00f3ra zapewni mn\u00f3stwo zabawy i \u015bmiechu zar\u00f3wno dzieciom, jak i doros\u0142ym!<\/li>\n<\/ul>\n<p>&nbsp;<\/p>\n<p>&nbsp;<\/p>\n<p><strong>Teatr i \u015awi\u0119ty Miko\u0142aj<\/strong><\/p>\n<ul>\n<li class=\"x11i5rnm xat24cr x1mh8g0r x1vvkbs xtlvy1s\">12:00 \u2013 12:45 \u2013 Zesp\u00f3\u0142 Teatru Baza zaprezentuje autorskie przedstawienie \u201eCzerwony Kapturek \u2013 \u015awi\u0119ta Bo\u017cego Narodzenia\u201d. To pe\u0142na humoru i ciep\u0142a opowie\u015b\u0107, kt\u00f3ra wprowadzi wszystkich w \u015bwi\u0105teczny nastr\u00f3j.<\/li>\n<li class=\"x11i5rnm xat24cr x1mh8g0r x1vvkbs xtlvy1s\">16:00 \u2013 16:20 \u2013 Spotkanie ze \u015awi\u0119tym Miko\u0142ajem i \u015anie\u017cynk\u0105! Miko\u0142aj rozdaje upominki dla dzieci, a wsp\u00f3lne zdj\u0119cia z nim b\u0119d\u0105 magiczn\u0105 pami\u0105tk\u0105.<\/li>\n<\/ul>\n<div><\/div>\n<div style=\"text-align: center;\">***<\/div>\n<div><\/div>\n<p><strong>Koncert Natalii Lesz <\/strong><\/p>\n<ul>\n<li>15:00 \u2013 16:00 \u2013 Na scenie wyst\u0105pi Natalia Lesz, kt\u00f3ra zaprezentuje swoje najwi\u0119ksze przeboje w wyj\u0105tkowych, \u015bwi\u0105tecznych aran\u017cacjach. \u00a0To idealny moment na relaks i wsp\u00f3lne kol\u0119dowanie.<\/li>\n<\/ul>\n<p>&nbsp;<\/p>\n<div class=\"x11i5rnm xat24cr x1mh8g0r x1vvkbs xtlvy1s\"><strong>Ka\u017cdy uczestnik otrzyma na wej\u015bciu drobny upominek.<\/strong><\/div>\n<ul>\n<li class=\"x11i5rnm xat24cr x1mh8g0r x1vvkbs xtlvy1s\">O 16:20 \u2013 Rozdawanie \u015bwie\u017cych doniczkowych choinek, kt\u00f3re wype\u0142ni\u0105 Wasze domy \u015bwi\u0105tecznym aromatem i atmosfer\u0105.<\/li>\n<\/ul>\n<div><\/div>\n<div><\/div>\n<div class=\"x11i5rnm xat24cr x1mh8g0r x1vvkbs xtlvy1s\">Pocz\u0119stunek pe\u0142en zimowych smak\u00f3w. Od 12:00 do 17:00 zapraszamy na:<\/div>\n<ul>\n<li class=\"x11i5rnm xat24cr x1mh8g0r x1vvkbs xtlvy1s\">aromatyczn\u0105 zimow\u0105 herbat\u0119 z pomara\u0144cz\u0105, go\u017adzikami i cynamonem,<\/li>\n<li class=\"x11i5rnm xat24cr x1mh8g0r x1vvkbs xtlvy1s\">pyszn\u0105 gor\u0105c\u0105 czekolad\u0119 i rozgrzewaj\u0105c\u0105 kaw\u0119.<\/li>\n<\/ul>\n<div class=\"x11i5rnm xat24cr x1mh8g0r x1vvkbs xtlvy1s\"><\/div>\n","protected":false},"excerpt":{"rendered":"<p>\u015awi\u0105teczne Spotkanie dla Mieszka\u0144c\u00f3w \u017boliborza \u2013 Przyjd\u017a do Fortu Sokolnickiego na pe\u0142ne atrakcji wydarzenie!\u00a0 &nbsp; Rada i Zarz\u0105d Dzielnicy \u017boliborz serdecznie zapraszaj\u0105 wszystkich mieszka\u0144c\u00f3w na coroczne \u015bwi\u0105teczne spotkanie, kt\u00f3re odb\u0119dzie si\u0119 8 grudnia w klimatycznym Forcie Sokolnickiego przy ul. Stefana Czarnieckiego 51. W godzinach od 12:00 do 19:00 czeka na Was mn\u00f3stwo atrakcji, warsztat\u00f3w, wyst\u0119p\u00f3w&hellip;&nbsp;<a href=\"https:\/\/bpzoliborz.pl\/bpzoliborz\/index.php\/events\/swiateczne-spotkanie-dla-mieszkancow-zoliborza-niedziela-w-forcie-sokolnickiego\/\" class=\"\" rel=\"bookmark\">Czytaj wi\u0119cej &raquo;<span class=\"screen-reader-text\">\u015awi\u0105teczne spotkanie dla Mieszka\u0144c\u00f3w \u017boliborza &#8211; niedziela w Forcie Sokolnickiego<\/span><\/a><\/p>\n","protected":false},"author":9,"featured_media":24870,"comment_status":"closed","ping_status":"closed","template":"","tags":[1432,1612,1611,645],"mec_category":[27,25],"_links":{"self":[{"href":"https:\/\/bpzoliborz.pl\/bpzoliborz\/index.php\/wp-json\/wp\/v2\/mec-events\/24871"}],"collection":[{"href":"https:\/\/bpzoliborz.pl\/bpzoliborz\/index.php\/wp-json\/wp\/v2\/mec-events"}],"about":[{"href":"https:\/\/bpzoliborz.pl\/bpzoliborz\/index.php\/wp-json\/wp\/v2\/types\/mec-events"}],"author":[{"embeddable":true,"href":"https:\/\/bpzoliborz.pl\/bpzoliborz\/index.php\/wp-json\/wp\/v2\/users\/9"}],"replies":[{"embeddable":true,"href":"https:\/\/bpzoliborz.pl\/bpzoliborz\/index.php\/wp-json\/wp\/v2\/comments?post=24871"}],"version-history":[{"count":6,"href":"https:\/\/bpzoliborz.pl\/bpzoliborz\/index.php\/wp-json\/wp\/v2\/mec-events\/24871\/revisions"}],"predecessor-version":[{"id":24877,"href":"https:\/\/bpzoliborz.pl\/bpzoliborz\/index.php\/wp-json\/wp\/v2\/mec-events\/24871\/revisions\/24877"}],"wp:featuredmedia":[{"embeddable":true,"href":"https:\/\/bpzoliborz.pl\/bpzoliborz\/index.php\/wp-json\/wp\/v2\/media\/24870"}],"wp:attachment":[{"href":"https:\/\/bpzoliborz.pl\/bpzoliborz\/index.php\/wp-json\/wp\/v2\/media?parent=24871"}],"wp:term":[{"taxonomy":"post_tag","embeddable":true,"href":"https:\/\/bpzoliborz.pl\/bpzoliborz\/index.php\/wp-json\/wp\/v2\/tags?post=24871"},{"taxonomy":"mec_category","embeddable":true,"href":"https:\/\/bpzoliborz.pl\/bpzoliborz\/index.php\/wp-json\/wp\/v2\/mec_category?post=24871"}],"curies":[{"name":"wp","href":"https:\/\/api.w.org\/{rel}","templated":true}]}}

Świąteczne spotkanie dla Mieszkańców Żoliborza &#8211; niedziela w Forcie Sokolnickiego

<div class="xdj266r x11i5rnm xat24cr x1mh8g0r x1vvkbs" style="text-align: center;"><strong>Świąteczne Spotkanie dla Mieszkańców Żoliborza – Przyjdź do Fortu Sokolnickiego na pełne atrakcji wydarzenie! </strong></div>
<div></div>
<p>&nbsp;</p>
<div class="x11i5rnm xat24cr x1mh8g0r x1vvkbs xtlvy1s">Rada i Zarząd Dzielnicy Żoliborz serdecznie zapraszają wszystkich mieszkańców na coroczne świąteczne spotkanie, które odbędzie się 8 grudnia w klimatycznym <strong>Forcie Sokolnickiego przy ul. Stefana Czarnieckiego 51. W godzinach od 12:00 do 19:00</strong> czeka na Was mnóstwo atrakcji, warsztatów, występów artystycznych i wspólnych chwil, które wprowadzą nas w magiczny klimat nadchodzących Świąt!</div>
<div></div>
<p>&nbsp;</p>
<div style="text-align: center;"><strong>Szukajcie stoiska bibliotecznego, gdzie wspólnie wykonamy ozdoby choinkowe!</strong></div>
<div></div>
<div></div>
<p><!--more--></p>
<div></div>
<p><strong>Kreatywne warsztaty dla dużych i małych</strong>. Od 12:00 do 17:00 miłośnicy rękodzieła będą mogli stworzyć własnoręczne  świąteczne ozdoby:</p>
<ul>
<li class="x11i5rnm xat24cr x1mh8g0r x1vvkbs xtlvy1s">wianki i choinki z wikliny – pięknie dekorowane,</li>
<li class="x11i5rnm xat24cr x1mh8g0r x1vvkbs xtlvy1s">gwiazdy betlejemskie z krepiny,</li>
<li class="x11i5rnm xat24cr x1mh8g0r x1vvkbs xtlvy1s">świece zapachowe o różnych kształtach i aromatach.</li>
</ul>
<p>&nbsp;</p>
<p><strong>Dodatkowo:</strong></p>
<ul>
<li class="x11i5rnm xat24cr x1mh8g0r x1vvkbs xtlvy1s">warsztaty piernikarskie prowadzone przez specjalistów z Muzeum Okręgowego w Toruniu,</li>
<li class="x11i5rnm xat24cr x1mh8g0r x1vvkbs xtlvy1s">tworzenie i dekorowanie czekolady z pomocą Muzeum Czekolady z Poznania.</li>
<li class="x11i5rnm xat24cr x1mh8g0r x1vvkbs xtlvy1s">Fotolustro, PicBot i Snowtubing – zabawa dla każdego!</li>
</ul>
<p>&nbsp;</p>
<p><strong>W ramach świątecznych aktywności czeka na Was:</strong></p>
<ul>
<li>fotolustro do robienia pamiątkowych zdjęć,</li>
<li>PicBot – robot szkicujący Wasze portrety,</li>
<li>dmuchana zjeżdżalnia typu snowtubing, która zapewni mnóstwo zabawy i śmiechu zarówno dzieciom, jak i dorosłym!</li>
</ul>
<p>&nbsp;</p>
<p>&nbsp;</p>
<p><strong>Teatr i Święty Mikołaj</strong></p>
<ul>
<li class="x11i5rnm xat24cr x1mh8g0r x1vvkbs xtlvy1s">12:00 – 12:45 – Zespół Teatru Baza zaprezentuje autorskie przedstawienie „Czerwony Kapturek – Święta Bożego Narodzenia”. To pełna humoru i ciepła opowieść, która wprowadzi wszystkich w świąteczny nastrój.</li>
<li class="x11i5rnm xat24cr x1mh8g0r x1vvkbs xtlvy1s">16:00 – 16:20 – Spotkanie ze Świętym Mikołajem i Śnieżynką! Mikołaj rozdaje upominki dla dzieci, a wspólne zdjęcia z nim będą magiczną pamiątką.</li>
</ul>
<div></div>
<div style="text-align: center;">***</div>
<div></div>
<p><strong>Koncert Natalii Lesz </strong></p>
<ul>
<li>15:00 – 16:00 – Na scenie wystąpi Natalia Lesz, która zaprezentuje swoje największe przeboje w wyjątkowych, świątecznych aranżacjach.  To idealny moment na relaks i wspólne kolędowanie.</li>
</ul>
<p>&nbsp;</p>
<div class="x11i5rnm xat24cr x1mh8g0r x1vvkbs xtlvy1s"><strong>Każdy uczestnik otrzyma na wejściu drobny upominek.</strong></div>
<ul>
<li class="x11i5rnm xat24cr x1mh8g0r x1vvkbs xtlvy1s">O 16:20 – Rozdawanie świeżych doniczkowych choinek, które wypełnią Wasze domy świątecznym aromatem i atmosferą.</li>
</ul>
<div></div>
<div></div>
<div class="x11i5rnm xat24cr x1mh8g0r x1vvkbs xtlvy1s">Poczęstunek pełen zimowych smaków. Od 12:00 do 17:00 zapraszamy na:</div>
<ul>
<li class="x11i5rnm xat24cr x1mh8g0r x1vvkbs xtlvy1s">aromatyczną zimową herbatę z pomarańczą, goździkami i cynamonem,</li>
<li class="x11i5rnm xat24cr x1mh8g0r x1vvkbs xtlvy1s">pyszną gorącą czekoladę i rozgrzewającą kawę.</li>
</ul>
<div class="x11i5rnm xat24cr x1mh8g0r x1vvkbs xtlvy1s"></div>

<p>Świąteczne Spotkanie dla Mieszkańców Żoliborza – Przyjdź do Fortu Sokolnickiego na pełne atrakcji wydarzenie!  &nbsp; Rada i Zarząd Dzielnicy Żoliborz serdecznie zapraszają wszystkich mieszkańców na coroczne świąteczne spotkanie, które odbędzie się 8 grudnia w klimatycznym Forcie Sokolnickiego przy ul. Stefana Czarnieckiego 51. W godzinach od 12:00 do 19:00 czeka na Was mnóstwo atrakcji, warsztatów, występów&hellip;&nbsp;<a href="https://bpzoliborz.pl/bpzoliborz/index.php/events/swiateczne-spotkanie-dla-mieszkancow-zoliborza-niedziela-w-forcie-sokolnickiego/" class="" rel="bookmark">Czytaj więcej &raquo;<span class="screen-reader-text">Świąteczne spotkanie dla Mieszkańców Żoliborza &#8211; niedziela w Forcie Sokolnickiego</span></a></p>
