{"id":20596,"date":"2024-03-04T16:44:19","date_gmt":"2024-03-04T15:44:19","guid":{"rendered":"https:\/\/bpzoliborz.pl\/bpzoliborz\/?post_type=mec-events&#038;p=20596"},"modified":"2024-03-04T16:59:38","modified_gmt":"2024-03-04T15:59:38","slug":"mariola-pietron-ratynska-wernisaz-wystawy-malarstwa","status":"publish","type":"mec-events","link":"https:\/\/bpzoliborz.pl\/bpzoliborz\/index.php\/events\/mariola-pietron-ratynska-wernisaz-wystawy-malarstwa\/","title":{"rendered":"Mariola Pietro\u0144 Raty\u0144ska \u2013 wernisa\u017c wystawy malarstwa"},"content":{"rendered":"<p><img loading=\"lazy\" class=\"size-full wp-image-20587 aligncenter\" src=\"https:\/\/bpzoliborz.pl\/bpzoliborz\/wp-content\/uploads\/2021\/11\/15.03-Wernisaz-wystawy-Marioli-Pietron-Ratynskiej-strona-3.png\" alt=\"baner z fragmentem obrazu marioli pietro\u0144-raty\u0144skiej oraz napisami: wystawa malarstwa 15.03 - 15.04.2024 mariola pietro\u0144 raty\u0144ska\" width=\"1080\" height=\"200\" srcset=\"https:\/\/bpzoliborz.pl\/bpzoliborz\/wp-content\/uploads\/2021\/11\/15.03-Wernisaz-wystawy-Marioli-Pietron-Ratynskiej-strona-3.png 1080w, https:\/\/bpzoliborz.pl\/bpzoliborz\/wp-content\/uploads\/2021\/11\/15.03-Wernisaz-wystawy-Marioli-Pietron-Ratynskiej-strona-3-768x142.png 768w\" sizes=\"(max-width: 1080px) 100vw, 1080px\" \/><\/p>\n<p>&nbsp;<\/p>\n<p class=\"has-text-align-center\" style=\"text-align: center;\">Wraz ze\u00a0<a href=\"https:\/\/wsm.pl\/spoleczny-dom-kultury\/\"><strong>Spo\u0142ecznym Domem Kultury Warszawskiej Sp\u00f3\u0142dzielni Mieszkaniowej<\/strong><\/a>\u00a0zapraszamy na\u00a0<strong><em>Wernisa\u017c Wystawy Malarstwa Marioli Pietro\u0144-Raty\u0144skiej<\/em><\/strong>, malarki, arteterapeutki i psycholo\u017cki.<\/p>\n<p class=\"has-text-align-center has-background\" style=\"text-align: center;\">Wernisa\u017c odb\u0119dzie si\u0119\u00a0<strong>15 marca 2024 roku (pi\u0105tek) o godzinie 19.00<\/strong>\u00a0w sali\u00a0<strong>Spo\u0142ecznego Domu Kultury Warszawskiej Sp\u00f3\u0142dzielni Mieszkaniowej\u00a0<\/strong>przy<strong>\u00a0ul. S\u0142owackiego 19a<\/strong>.<\/p>\n<p class=\"has-text-align-center\" style=\"text-align: center;\">Koncert piosenek z repertuaru Kabaretu Starszych Pan\u00f3w za\u015bpiewa\u00a0<strong>Maciej Podbielski<\/strong>, a ca\u0142e spotkanie poprowadzi\u00a0<strong>Natalia Niemen!<\/strong><\/p>\n<p class=\"has-text-align-center\" style=\"text-align: center;\">Wystaw\u0119 b\u0119dzie mo\u017cna ogl\u0105da\u0107\u00a0<strong>od 15 marca do 15 kwietnia 2024 roku<\/strong>\u00a0w Spo\u0142ecznym Domu Kultury WSM przy ul. S\u0142owackiego 19a. Zapraszamy!<\/p>\n<p>&nbsp;<\/p>\n<p class=\"has-text-align-center\" style=\"text-align: center;\"><img loading=\"lazy\" class=\"alignnone size-full wp-image-20588\" src=\"https:\/\/bpzoliborz.pl\/bpzoliborz\/wp-content\/uploads\/2021\/11\/15.03-Wernisaz-wystawy-Marioli-Pietron-Ratynskiej-strona-2.png\" alt=\"zdj\u0119cie marioli pietro\u0144-raty\u0144skiej na tle jej obraz\u00f3w oraz napisy: mariola pietro\u0144-raty\u0144ska, malarka, arteterapeuta, psycholog, coach. Sztuka to wielka pasja i \u017ar\u00f3d\u0142o energii do \u017cycia. Malarstwo w spos\u00f3b szczeg\u00f3lny zamieszka\u0142o w sercu artystki i jak m\u00f3wi\u2026 Nie umia\u0142aby ju\u017c bez niego \u017cy\u0107\u2026 Widzi i my\u015bli kolorami. W swoich pracach operuje \u015bwiat\u0142em, faktur\u0105 i kolorem. Jej obrazy wyw\u0119drowa\u0142y do takich kraj\u00f3w, jak W\u0119gry, \u0141otwa, Litwa, Ukraina, Wielka Brytania, Kanada, Niemcy oraz W\u0142ochy.\" width=\"1080\" height=\"450\" srcset=\"https:\/\/bpzoliborz.pl\/bpzoliborz\/wp-content\/uploads\/2021\/11\/15.03-Wernisaz-wystawy-Marioli-Pietron-Ratynskiej-strona-2.png 1080w, https:\/\/bpzoliborz.pl\/bpzoliborz\/wp-content\/uploads\/2021\/11\/15.03-Wernisaz-wystawy-Marioli-Pietron-Ratynskiej-strona-2-768x320.png 768w\" sizes=\"(max-width: 1080px) 100vw, 1080px\" \/><\/p>\n<p>&nbsp;<\/p>\n<p>&nbsp;<\/p>\n<p>&nbsp;<\/p>\n","protected":false},"excerpt":{"rendered":"<p>&nbsp; Wraz ze\u00a0Spo\u0142ecznym Domem Kultury Warszawskiej Sp\u00f3\u0142dzielni Mieszkaniowej\u00a0zapraszamy na\u00a0Wernisa\u017c Wystawy Malarstwa Marioli Pietro\u0144-Raty\u0144skiej, malarki, arteterapeutki i psycholo\u017cki. Wernisa\u017c odb\u0119dzie si\u0119\u00a015 marca 2024 roku (pi\u0105tek) o godzinie 19.00\u00a0w sali\u00a0Spo\u0142ecznego Domu Kultury Warszawskiej Sp\u00f3\u0142dzielni Mieszkaniowej\u00a0przy\u00a0ul. S\u0142owackiego 19a. Koncert piosenek z repertuaru Kabaretu Starszych Pan\u00f3w za\u015bpiewa\u00a0Maciej Podbielski, a ca\u0142e spotkanie poprowadzi\u00a0Natalia Niemen! Wystaw\u0119 b\u0119dzie mo\u017cna ogl\u0105da\u0107\u00a0od 15 marca&hellip;&nbsp;<a href=\"https:\/\/bpzoliborz.pl\/bpzoliborz\/index.php\/events\/mariola-pietron-ratynska-wernisaz-wystawy-malarstwa\/\" class=\"\" rel=\"bookmark\">Czytaj wi\u0119cej &raquo;<span class=\"screen-reader-text\">Mariola Pietro\u0144 Raty\u0144ska \u2013 wernisa\u017c wystawy malarstwa<\/span><\/a><\/p>\n","protected":false},"author":9,"featured_media":20589,"comment_status":"closed","ping_status":"closed","template":"","tags":[1318,739,700,508,594,1317,76],"mec_category":[25],"_links":{"self":[{"href":"https:\/\/bpzoliborz.pl\/bpzoliborz\/index.php\/wp-json\/wp\/v2\/mec-events\/20596"}],"collection":[{"href":"https:\/\/bpzoliborz.pl\/bpzoliborz\/index.php\/wp-json\/wp\/v2\/mec-events"}],"about":[{"href":"https:\/\/bpzoliborz.pl\/bpzoliborz\/index.php\/wp-json\/wp\/v2\/types\/mec-events"}],"author":[{"embeddable":true,"href":"https:\/\/bpzoliborz.pl\/bpzoliborz\/index.php\/wp-json\/wp\/v2\/users\/9"}],"replies":[{"embeddable":true,"href":"https:\/\/bpzoliborz.pl\/bpzoliborz\/index.php\/wp-json\/wp\/v2\/comments?post=20596"}],"version-history":[{"count":2,"href":"https:\/\/bpzoliborz.pl\/bpzoliborz\/index.php\/wp-json\/wp\/v2\/mec-events\/20596\/revisions"}],"predecessor-version":[{"id":20603,"href":"https:\/\/bpzoliborz.pl\/bpzoliborz\/index.php\/wp-json\/wp\/v2\/mec-events\/20596\/revisions\/20603"}],"wp:featuredmedia":[{"embeddable":true,"href":"https:\/\/bpzoliborz.pl\/bpzoliborz\/index.php\/wp-json\/wp\/v2\/media\/20589"}],"wp:attachment":[{"href":"https:\/\/bpzoliborz.pl\/bpzoliborz\/index.php\/wp-json\/wp\/v2\/media?parent=20596"}],"wp:term":[{"taxonomy":"post_tag","embeddable":true,"href":"https:\/\/bpzoliborz.pl\/bpzoliborz\/index.php\/wp-json\/wp\/v2\/tags?post=20596"},{"taxonomy":"mec_category","embeddable":true,"href":"https:\/\/bpzoliborz.pl\/bpzoliborz\/index.php\/wp-json\/wp\/v2\/mec_category?post=20596"}],"curies":[{"name":"wp","href":"https:\/\/api.w.org\/{rel}","templated":true}]}}

Mariola Pietroń Ratyńska – wernisaż wystawy malarstwa

<p><img loading="lazy" class="size-full wp-image-20587 aligncenter" src="https://bpzoliborz.pl/bpzoliborz/wp-content/uploads/2021/11/15.03-Wernisaz-wystawy-Marioli-Pietron-Ratynskiej-strona-3.png" alt="baner z fragmentem obrazu marioli pietroń-ratyńskiej oraz napisami: wystawa malarstwa 15.03 - 15.04.2024 mariola pietroń ratyńska" width="1080" height="200" srcset="https://bpzoliborz.pl/bpzoliborz/wp-content/uploads/2021/11/15.03-Wernisaz-wystawy-Marioli-Pietron-Ratynskiej-strona-3.png 1080w, https://bpzoliborz.pl/bpzoliborz/wp-content/uploads/2021/11/15.03-Wernisaz-wystawy-Marioli-Pietron-Ratynskiej-strona-3-768x142.png 768w" sizes="(max-width: 1080px) 100vw, 1080px" /></p>
<p>&nbsp;</p>
<p class="has-text-align-center" style="text-align: center;">Wraz ze <a href="https://wsm.pl/spoleczny-dom-kultury/"><strong>Społecznym Domem Kultury Warszawskiej Spółdzielni Mieszkaniowej</strong></a> zapraszamy na <strong><em>Wernisaż Wystawy Malarstwa Marioli Pietroń-Ratyńskiej</em></strong>, malarki, arteterapeutki i psycholożki.</p>
<p class="has-text-align-center has-background" style="text-align: center;">Wernisaż odbędzie się <strong>15 marca 2024 roku (piątek) o godzinie 19.00</strong> w sali <strong>Społecznego Domu Kultury Warszawskiej Spółdzielni Mieszkaniowej </strong>przy<strong> ul. Słowackiego 19a</strong>.</p>
<p class="has-text-align-center" style="text-align: center;">Koncert piosenek z repertuaru Kabaretu Starszych Panów zaśpiewa <strong>Maciej Podbielski</strong>, a całe spotkanie poprowadzi <strong>Natalia Niemen!</strong></p>
<p class="has-text-align-center" style="text-align: center;">Wystawę będzie można oglądać <strong>od 15 marca do 15 kwietnia 2024 roku</strong> w Społecznym Domu Kultury WSM przy ul. Słowackiego 19a. Zapraszamy!</p>
<p>&nbsp;</p>
<p class="has-text-align-center" style="text-align: center;"><img loading="lazy" class="alignnone size-full wp-image-20588" src="https://bpzoliborz.pl/bpzoliborz/wp-content/uploads/2021/11/15.03-Wernisaz-wystawy-Marioli-Pietron-Ratynskiej-strona-2.png" alt="zdjęcie marioli pietroń-ratyńskiej na tle jej obrazów oraz napisy: mariola pietroń-ratyńska, malarka, arteterapeuta, psycholog, coach. Sztuka to wielka pasja i źródło energii do życia. Malarstwo w sposób szczególny zamieszkało w sercu artystki i jak mówi… Nie umiałaby już bez niego żyć… Widzi i myśli kolorami. W swoich pracach operuje światłem, fakturą i kolorem. Jej obrazy wywędrowały do takich krajów, jak Węgry, Łotwa, Litwa, Ukraina, Wielka Brytania, Kanada, Niemcy oraz Włochy." width="1080" height="450" srcset="https://bpzoliborz.pl/bpzoliborz/wp-content/uploads/2021/11/15.03-Wernisaz-wystawy-Marioli-Pietron-Ratynskiej-strona-2.png 1080w, https://bpzoliborz.pl/bpzoliborz/wp-content/uploads/2021/11/15.03-Wernisaz-wystawy-Marioli-Pietron-Ratynskiej-strona-2-768x320.png 768w" sizes="(max-width: 1080px) 100vw, 1080px" /></p>
<p>&nbsp;</p>
<p>&nbsp;</p>
<p>&nbsp;</p>

<p>&nbsp; Wraz ze Społecznym Domem Kultury Warszawskiej Spółdzielni Mieszkaniowej zapraszamy na Wernisaż Wystawy Malarstwa Marioli Pietroń-Ratyńskiej, malarki, arteterapeutki i psycholożki. Wernisaż odbędzie się 15 marca 2024 roku (piątek) o godzinie 19.00 w sali Społecznego Domu Kultury Warszawskiej Spółdzielni Mieszkaniowej przy ul. Słowackiego 19a. Koncert piosenek z repertuaru Kabaretu Starszych Panów zaśpiewa Maciej Podbielski, a całe spotkanie poprowadzi Natalia Niemen! Wystawę będzie można oglądać od 15 marca&hellip;&nbsp;<a href="https://bpzoliborz.pl/bpzoliborz/index.php/events/mariola-pietron-ratynska-wernisaz-wystawy-malarstwa/" class="" rel="bookmark">Czytaj więcej &raquo;<span class="screen-reader-text">Mariola Pietroń Ratyńska – wernisaż wystawy malarstwa</span></a></p>
