{"id":17174,"date":"2023-08-31T12:12:31","date_gmt":"2023-08-31T10:12:31","guid":{"rendered":"https:\/\/bpzoliborz.pl\/bpzoliborz\/?post_type=mec-events&#038;p=17174"},"modified":"2023-08-31T12:12:31","modified_gmt":"2023-08-31T10:12:31","slug":"dkkif-mezczyzna-imieniem-ove","status":"publish","type":"mec-events","link":"https:\/\/bpzoliborz.pl\/bpzoliborz\/index.php\/events\/dkkif-mezczyzna-imieniem-ove\/","title":{"rendered":"DKKiF &#8211; M\u0119\u017cczyzna imieniem Ove"},"content":{"rendered":"<p>B\u0119dziemy rozmawia\u0107 o powie\u015bci \u201e<strong>M\u0119\u017cczyzna imieniem Ove<\/strong>\u201d Fredrika Backmana i szwedzkiej ekranizacji pod tym samym tytu\u0142em w re\u017cyserii Hannesa Holma z 2015 roku oraz ameryka\u0144skiej adaptacji z 2022 roku w re\u017cyserii Marca Forstera.<\/p>\n<p><strong>Przypominamy, \u017ce w czasie spotkania (od 18) wypo\u017cyczalnia dla czytelnik\u00f3w jest zamkni\u0119ta. <\/strong><\/p>\n<p><strong>Spotkanie dla zamkni\u0119tej grupy. Pytanie o uczestnictwo prosimy kierowa\u0107 pod adres mailowy: dkkifwyp16@gmail.com<\/strong><\/p>\n<p>&nbsp;<\/p>\n<p><strong>M\u0119\u017cczyzna imieniem Ove &#8211; Fredrik Backman<\/strong><\/p>\n<div class=\"col-lg-8 col-lg-8--1024\">\n<div id=\"book-description\" class=\"js-book-collapse partial-collapse pr-0 pl-0 pl-lg-3 collapse show\" data-maxheight=\"67.88999999999999\" data-height=\"67.88999999999999\" data-autoheight=\"1\">\n<div class=\"collapse-content\">\n<p>Na pierwszy rzut oka Ove wydaje si\u0119 najbardziej gburowatym cz\u0142owiekiem na \u015bwiecie, zrz\u0119d\u0105 z \u017celaznymi zasadami, bezwzgl\u0119dn\u0105 rutyn\u0105 i sk\u0142onno\u015bci\u0105 do wpadania w z\u0142o\u015b\u0107. Ludzie s\u0105dz\u0105, \u017ce jest zgorzknia\u0142y, a on uwa\u017ca, \u017ce otaczaj\u0105 go idioci.<\/p>\n<p>Uporz\u0105dkowany i samotny \u015bwiat Ovego zaczyna trz\u0105\u015b\u0107 si\u0119 w posadach pewnego listopadowego popo\u0142udnia wraz z pojawieniem si\u0119 nowych s\u0105siad\u00f3w \u2013 gadatliwej m\u0142odej pary z dwiema niesfornymi c\u00f3rkami \u2013 kt\u00f3rzy oznajmiaj\u0105 swoje przybycie, niszcz\u0105c Ovemu skrzynk\u0119 na listy podczas parkowania samochodu z przyczep\u0105. Dalsze wydarzenia tworz\u0105 ciep\u0142\u0105 opowie\u015b\u0107 o zaniedbanych kotach, nieprawdopodobnych przyja\u017aniach i nieoczekiwanym wywr\u00f3ceniu wszystkiego do g\u00f3ry nogami.<\/p>\n<p>Re\u017cyser (i zarazem scenarzysta filmu) Hannes Holm \u015bwietnie po\u0142\u0105czy\u0142 w fabule zar\u00f3wno w\u0105tki komediowe, jak i obyczajowe. Mimo, \u017ce \u201eM\u0119\u017cczyzna\u2026\u201d otrzyma\u0142 Europejsk\u0105 Nagrod\u0119 Filmow\u0105 w kategorii \u201enajlepsza komedia\u201d, to jednak wyd\u017awi\u0119k produkcji ma wiele wsp\u00f3lnego z dramatem. U bohatera, kt\u00f3ry staje na p\u00f3\u0142metku \u017cycia coraz cz\u0119\u015bciej wyst\u0119puj\u0105 l\u0119ki czy w\u0105tpliwo\u015bci o dalszy sens istnienia. Nie bez powodu nakre\u015blony jest taki, a nie inny obraz \u2013 samotnego, ju\u017c nikomu niepotrzebnego starszego pana, na kt\u00f3rego spogl\u0105damy z politowaniem. Jednak Ove jest inny i nie zamierza odej\u015b\u0107 z tego \u015bwiata nie porz\u0105dkuj\u0105c ostatnich spraw. Przyczyn\u0105 zmian okazuje si\u0119 by\u0107 ma\u0142\u017ce\u0144stwo i ich dwie c\u00f3rki. Ich pierwsze spotkanie b\u0119dzie op\u0142akane dla\u2026 skrzynki pocztowej. Z czasem wa\u015bnie zostan\u0105 zapomniane, a Ove zyska tym samym nowych przyjaci\u00f3\u0142.<\/p>\n<\/div>\n<\/div>\n<div class=\"col-lg-12 pl-lg-3 px-0\"><\/div>\n<\/div>\n<div id=\"addToLibraryWidget5048333\" class=\"col-lg-4 col-lg-4--1024 d-block js-addToLibraryWidget\"><\/div>\n<div>\n<p>\u0179r\u00f3d\u0142o: lubimyczytac.pl, kalejdoskop.wroclaw.pl<\/p>\n<p>&nbsp;<\/p>\n<p>Zdj\u0119cie: plakat do filmu M\u0119\u017cczyzna imieniem Otto, Copyright Columbia Pictures, Stage 6 Films<\/p>\n<p>Logo DKKiF: Book by Komkrit Noenpoempisut from the Noun Project<\/p>\n<\/div>\n","protected":false},"excerpt":{"rendered":"<p>B\u0119dziemy rozmawia\u0107 o powie\u015bci \u201eM\u0119\u017cczyzna imieniem Ove\u201d Fredrika Backmana i szwedzkiej ekranizacji pod tym samym tytu\u0142em w re\u017cyserii Hannesa Holma z 2015 roku oraz ameryka\u0144skiej adaptacji z 2022 roku w re\u017cyserii Marca Forstera. Przypominamy, \u017ce w czasie spotkania (od 18) wypo\u017cyczalnia dla czytelnik\u00f3w jest zamkni\u0119ta. Spotkanie dla zamkni\u0119tej grupy. Pytanie o uczestnictwo prosimy kierowa\u0107 pod&hellip;&nbsp;<a href=\"https:\/\/bpzoliborz.pl\/bpzoliborz\/index.php\/events\/dkkif-mezczyzna-imieniem-ove\/\" class=\"\" rel=\"bookmark\">Czytaj wi\u0119cej &raquo;<span class=\"screen-reader-text\">DKKiF &#8211; M\u0119\u017cczyzna imieniem Ove<\/span><\/a><\/p>\n","protected":false},"author":9,"featured_media":17175,"comment_status":"closed","ping_status":"closed","template":"","tags":[104,1090,1089],"mec_category":[24],"_links":{"self":[{"href":"https:\/\/bpzoliborz.pl\/bpzoliborz\/index.php\/wp-json\/wp\/v2\/mec-events\/17174"}],"collection":[{"href":"https:\/\/bpzoliborz.pl\/bpzoliborz\/index.php\/wp-json\/wp\/v2\/mec-events"}],"about":[{"href":"https:\/\/bpzoliborz.pl\/bpzoliborz\/index.php\/wp-json\/wp\/v2\/types\/mec-events"}],"author":[{"embeddable":true,"href":"https:\/\/bpzoliborz.pl\/bpzoliborz\/index.php\/wp-json\/wp\/v2\/users\/9"}],"replies":[{"embeddable":true,"href":"https:\/\/bpzoliborz.pl\/bpzoliborz\/index.php\/wp-json\/wp\/v2\/comments?post=17174"}],"version-history":[{"count":1,"href":"https:\/\/bpzoliborz.pl\/bpzoliborz\/index.php\/wp-json\/wp\/v2\/mec-events\/17174\/revisions"}],"predecessor-version":[{"id":17176,"href":"https:\/\/bpzoliborz.pl\/bpzoliborz\/index.php\/wp-json\/wp\/v2\/mec-events\/17174\/revisions\/17176"}],"wp:featuredmedia":[{"embeddable":true,"href":"https:\/\/bpzoliborz.pl\/bpzoliborz\/index.php\/wp-json\/wp\/v2\/media\/17175"}],"wp:attachment":[{"href":"https:\/\/bpzoliborz.pl\/bpzoliborz\/index.php\/wp-json\/wp\/v2\/media?parent=17174"}],"wp:term":[{"taxonomy":"post_tag","embeddable":true,"href":"https:\/\/bpzoliborz.pl\/bpzoliborz\/index.php\/wp-json\/wp\/v2\/tags?post=17174"},{"taxonomy":"mec_category","embeddable":true,"href":"https:\/\/bpzoliborz.pl\/bpzoliborz\/index.php\/wp-json\/wp\/v2\/mec_category?post=17174"}],"curies":[{"name":"wp","href":"https:\/\/api.w.org\/{rel}","templated":true}]}}

DKKiF &#8211; Mężczyzna imieniem Ove

<p>Będziemy rozmawiać o powieści „<strong>Mężczyzna imieniem Ove</strong>” Fredrika Backmana i szwedzkiej ekranizacji pod tym samym tytułem w reżyserii Hannesa Holma z 2015 roku oraz amerykańskiej adaptacji z 2022 roku w reżyserii Marca Forstera.</p>
<p><strong>Przypominamy, że w czasie spotkania (od 18) wypożyczalnia dla czytelników jest zamknięta. </strong></p>
<p><strong>Spotkanie dla zamkniętej grupy. Pytanie o uczestnictwo prosimy kierować pod adres mailowy: dkkifwyp16@gmail.com</strong></p>
<p>&nbsp;</p>
<p><strong>Mężczyzna imieniem Ove &#8211; Fredrik Backman</strong></p>
<div class="col-lg-8 col-lg-8--1024">
<div id="book-description" class="js-book-collapse partial-collapse pr-0 pl-0 pl-lg-3 collapse show" data-maxheight="67.88999999999999" data-height="67.88999999999999" data-autoheight="1">
<div class="collapse-content">
<p>Na pierwszy rzut oka Ove wydaje się najbardziej gburowatym człowiekiem na świecie, zrzędą z żelaznymi zasadami, bezwzględną rutyną i skłonnością do wpadania w złość. Ludzie sądzą, że jest zgorzkniały, a on uważa, że otaczają go idioci.</p>
<p>Uporządkowany i samotny świat Ovego zaczyna trząść się w posadach pewnego listopadowego popołudnia wraz z pojawieniem się nowych sąsiadów – gadatliwej młodej pary z dwiema niesfornymi córkami – którzy oznajmiają swoje przybycie, niszcząc Ovemu skrzynkę na listy podczas parkowania samochodu z przyczepą. Dalsze wydarzenia tworzą ciepłą opowieść o zaniedbanych kotach, nieprawdopodobnych przyjaźniach i nieoczekiwanym wywróceniu wszystkiego do góry nogami.</p>
<p>Reżyser (i zarazem scenarzysta filmu) Hannes Holm świetnie połączył w fabule zarówno wątki komediowe, jak i obyczajowe. Mimo, że „Mężczyzna…” otrzymał Europejską Nagrodę Filmową w kategorii „najlepsza komedia”, to jednak wydźwięk produkcji ma wiele wspólnego z dramatem. U bohatera, który staje na półmetku życia coraz częściej występują lęki czy wątpliwości o dalszy sens istnienia. Nie bez powodu nakreślony jest taki, a nie inny obraz – samotnego, już nikomu niepotrzebnego starszego pana, na którego spoglądamy z politowaniem. Jednak Ove jest inny i nie zamierza odejść z tego świata nie porządkując ostatnich spraw. Przyczyną zmian okazuje się być małżeństwo i ich dwie córki. Ich pierwsze spotkanie będzie opłakane dla… skrzynki pocztowej. Z czasem waśnie zostaną zapomniane, a Ove zyska tym samym nowych przyjaciół.</p>
</div>
</div>
<div class="col-lg-12 pl-lg-3 px-0"></div>
</div>
<div id="addToLibraryWidget5048333" class="col-lg-4 col-lg-4--1024 d-block js-addToLibraryWidget"></div>
<div>
<p>Źródło: lubimyczytac.pl, kalejdoskop.wroclaw.pl</p>
<p>&nbsp;</p>
<p>Zdjęcie: plakat do filmu Mężczyzna imieniem Otto, Copyright Columbia Pictures, Stage 6 Films</p>
<p>Logo DKKiF: Book by Komkrit Noenpoempisut from the Noun Project</p>
</div>

<p>Będziemy rozmawiać o powieści „Mężczyzna imieniem Ove” Fredrika Backmana i szwedzkiej ekranizacji pod tym samym tytułem w reżyserii Hannesa Holma z 2015 roku oraz amerykańskiej adaptacji z 2022 roku w reżyserii Marca Forstera. Przypominamy, że w czasie spotkania (od 18) wypożyczalnia dla czytelników jest zamknięta. Spotkanie dla zamkniętej grupy. Pytanie o uczestnictwo prosimy kierować pod&hellip;&nbsp;<a href="https://bpzoliborz.pl/bpzoliborz/index.php/events/dkkif-mezczyzna-imieniem-ove/" class="" rel="bookmark">Czytaj więcej &raquo;<span class="screen-reader-text">DKKiF &#8211; Mężczyzna imieniem Ove</span></a></p>
