{"id":16568,"date":"2023-07-03T17:02:31","date_gmt":"2023-07-03T15:02:31","guid":{"rendered":"https:\/\/bpzoliborz.pl\/bpzoliborz\/?post_type=mec-events&#038;p=16568"},"modified":"2023-07-03T17:03:34","modified_gmt":"2023-07-03T15:03:34","slug":"dkkif-panny-z-wilka","status":"publish","type":"mec-events","link":"https:\/\/bpzoliborz.pl\/bpzoliborz\/index.php\/events\/dkkif-panny-z-wilka\/","title":{"rendered":"DKKiF &#8211; Panny z Wilka"},"content":{"rendered":"<p>B\u0119dziemy rozmawia\u0107 o opowiadaniu \u201e<strong>Panny z Wilka<\/strong>\u201d Jaros\u0142awa Iwaszkiewicza i ekranizacji pod tym samym tytu\u0142em w re\u017cyserii Andrzeja Wajdy z 1979 roku.<\/p>\n<p><strong>Przypominamy, \u017ce w czasie spotkania (od 18) wypo\u017cyczalnia dla czytelnik\u00f3w jest zamkni\u0119ta.<\/strong><\/p>\n<p>&nbsp;<\/p>\n<p><strong>Panny z Wilka &#8211; Jaros\u0142aw Iwaszkiewicz<\/strong><\/p>\n<p>Klasyka literatury polskiej. Jedno z najlepszych opowiada\u0144 Jaros\u0142awa Iwaszkiewicza \u2013 mistrza gatunku. Melancholijna opowie\u015b\u0107 o ulotno\u015bci ludzkiej pami\u0119ci, przemijaniu i bezskutecznej walce z losem.<\/p>\n<p>Koniec lat 20. XX w. Trzydziestosiedmioletni Wiktor Ruben, uczestnik I wojny \u015bwiatowej, zostaje zarz\u0105dc\u0105 folwarku w Stokroci. W pobliskim dworku w Wilku \u2013 gdzie przed 15 laty sp\u0119dza\u0142 beztroskie lata m\u0142odo\u015bci \u2013 mieszkaj\u0105: Julcia, Jola i Zosia. Spotkanie z kobietami, kt\u00f3re niegdy\u015b go fascynowa\u0142y, przywo\u0142uje wspomnienia i wywo\u0142uje refleksje nad przemijaj\u0105cym \u017cyciem. M\u0119\u017cczyzna zdaje sobie spraw\u0119 z zaprzepaszczonych nadziei i rozczarowa\u0144, jakich nie uda\u0142o mu si\u0119 unikn\u0105\u0107.<\/p>\n<p>Film, pe\u0142en zadumy nad tokiem ludzkiego \u017cywota, przewrotnie zach\u0119caj\u0105cy, by we w\u0142a\u015bciwym czasie z \u017cycia korzysta\u0107.<br \/>\nPrzepi\u0119kne plenery, nad kt\u00f3rymi unosi si\u0119 nostalgiczna mgie\u0142ka, zakamarki dworu, gdzie czaj\u0105 si\u0119 wspomnienia, stanowi\u0105 dope\u0142nienie akcji utworu.<\/p>\n<p>&nbsp;<\/p>\n<p>\u0179r\u00f3d\u0142o: lubimyczytac.pl, sfp.org.pl<\/p>\n<p>&nbsp;<\/p>\n<p>Zdj\u0119cie: fotos z filmu Panny z Wilka, copyrights PRF &#8220;Zespo\u0142y Filmowe&#8221; &#8211; Zesp\u00f3\u0142 &#8220;X&#8221;, Pierson Productions, Films Moli\u00e8re<\/p>\n<p>Logo DKKiF: Book by Komkrit Noenpoempisut from the Noun Project<\/p>\n","protected":false},"excerpt":{"rendered":"<p>B\u0119dziemy rozmawia\u0107 o opowiadaniu \u201ePanny z Wilka\u201d Jaros\u0142awa Iwaszkiewicza i ekranizacji pod tym samym tytu\u0142em w re\u017cyserii Andrzeja Wajdy z 1979 roku. Przypominamy, \u017ce w czasie spotkania (od 18) wypo\u017cyczalnia dla czytelnik\u00f3w jest zamkni\u0119ta. &nbsp; Panny z Wilka &#8211; Jaros\u0142aw Iwaszkiewicz Klasyka literatury polskiej. Jedno z najlepszych opowiada\u0144 Jaros\u0142awa Iwaszkiewicza \u2013 mistrza gatunku. Melancholijna opowie\u015b\u0107&hellip;&nbsp;<a href=\"https:\/\/bpzoliborz.pl\/bpzoliborz\/index.php\/events\/dkkif-panny-z-wilka\/\" class=\"\" rel=\"bookmark\">Czytaj wi\u0119cej &raquo;<span class=\"screen-reader-text\">DKKiF &#8211; Panny z Wilka<\/span><\/a><\/p>\n","protected":false},"author":9,"featured_media":16567,"comment_status":"closed","ping_status":"closed","template":"","tags":[1004,104,1003,1002],"mec_category":[24],"_links":{"self":[{"href":"https:\/\/bpzoliborz.pl\/bpzoliborz\/index.php\/wp-json\/wp\/v2\/mec-events\/16568"}],"collection":[{"href":"https:\/\/bpzoliborz.pl\/bpzoliborz\/index.php\/wp-json\/wp\/v2\/mec-events"}],"about":[{"href":"https:\/\/bpzoliborz.pl\/bpzoliborz\/index.php\/wp-json\/wp\/v2\/types\/mec-events"}],"author":[{"embeddable":true,"href":"https:\/\/bpzoliborz.pl\/bpzoliborz\/index.php\/wp-json\/wp\/v2\/users\/9"}],"replies":[{"embeddable":true,"href":"https:\/\/bpzoliborz.pl\/bpzoliborz\/index.php\/wp-json\/wp\/v2\/comments?post=16568"}],"version-history":[{"count":2,"href":"https:\/\/bpzoliborz.pl\/bpzoliborz\/index.php\/wp-json\/wp\/v2\/mec-events\/16568\/revisions"}],"predecessor-version":[{"id":16570,"href":"https:\/\/bpzoliborz.pl\/bpzoliborz\/index.php\/wp-json\/wp\/v2\/mec-events\/16568\/revisions\/16570"}],"wp:featuredmedia":[{"embeddable":true,"href":"https:\/\/bpzoliborz.pl\/bpzoliborz\/index.php\/wp-json\/wp\/v2\/media\/16567"}],"wp:attachment":[{"href":"https:\/\/bpzoliborz.pl\/bpzoliborz\/index.php\/wp-json\/wp\/v2\/media?parent=16568"}],"wp:term":[{"taxonomy":"post_tag","embeddable":true,"href":"https:\/\/bpzoliborz.pl\/bpzoliborz\/index.php\/wp-json\/wp\/v2\/tags?post=16568"},{"taxonomy":"mec_category","embeddable":true,"href":"https:\/\/bpzoliborz.pl\/bpzoliborz\/index.php\/wp-json\/wp\/v2\/mec_category?post=16568"}],"curies":[{"name":"wp","href":"https:\/\/api.w.org\/{rel}","templated":true}]}}

<p>Będziemy rozmawiać o opowiadaniu „<strong>Panny z Wilka</strong>” Jarosława Iwaszkiewicza i ekranizacji pod tym samym tytułem w reżyserii Andrzeja Wajdy z 1979 roku.</p>
<p><strong>Przypominamy, że w czasie spotkania (od 18) wypożyczalnia dla czytelników jest zamknięta.</strong></p>
<p>&nbsp;</p>
<p><strong>Panny z Wilka &#8211; Jarosław Iwaszkiewicz</strong></p>
<p>Klasyka literatury polskiej. Jedno z najlepszych opowiadań Jarosława Iwaszkiewicza – mistrza gatunku. Melancholijna opowieść o ulotności ludzkiej pamięci, przemijaniu i bezskutecznej walce z losem.</p>
<p>Koniec lat 20. XX w. Trzydziestosiedmioletni Wiktor Ruben, uczestnik I wojny światowej, zostaje zarządcą folwarku w Stokroci. W pobliskim dworku w Wilku – gdzie przed 15 laty spędzał beztroskie lata młodości – mieszkają: Julcia, Jola i Zosia. Spotkanie z kobietami, które niegdyś go fascynowały, przywołuje wspomnienia i wywołuje refleksje nad przemijającym życiem. Mężczyzna zdaje sobie sprawę z zaprzepaszczonych nadziei i rozczarowań, jakich nie udało mu się uniknąć.</p>
<p>Film, pełen zadumy nad tokiem ludzkiego żywota, przewrotnie zachęcający, by we właściwym czasie z życia korzystać.<br />
Przepiękne plenery, nad którymi unosi się nostalgiczna mgiełka, zakamarki dworu, gdzie czają się wspomnienia, stanowią dopełnienie akcji utworu.</p>
<p>&nbsp;</p>
<p>Źródło: lubimyczytac.pl, sfp.org.pl</p>
<p>&nbsp;</p>
<p>Zdjęcie: fotos z filmu Panny z Wilka, copyrights PRF &#8220;Zespoły Filmowe&#8221; &#8211; Zespół &#8220;X&#8221;, Pierson Productions, Films Molière</p>
<p>Logo DKKiF: Book by Komkrit Noenpoempisut from the Noun Project</p>

<p>Będziemy rozmawiać o opowiadaniu „Panny z Wilka” Jarosława Iwaszkiewicza i ekranizacji pod tym samym tytułem w reżyserii Andrzeja Wajdy z 1979 roku. Przypominamy, że w czasie spotkania (od 18) wypożyczalnia dla czytelników jest zamknięta. &nbsp; Panny z Wilka &#8211; Jarosław Iwaszkiewicz Klasyka literatury polskiej. Jedno z najlepszych opowiadań Jarosława Iwaszkiewicza – mistrza gatunku. Melancholijna opowieść&hellip;&nbsp;<a href="https://bpzoliborz.pl/bpzoliborz/index.php/events/dkkif-panny-z-wilka/" class="" rel="bookmark">Czytaj więcej &raquo;<span class="screen-reader-text">DKKiF &#8211; Panny z Wilka</span></a></p>
