{"id":15398,"date":"2023-03-30T14:23:58","date_gmt":"2023-03-30T12:23:58","guid":{"rendered":"https:\/\/bpzoliborz.pl\/bpzoliborz\/?post_type=mec-events&#038;p=15398"},"modified":"2023-03-30T14:23:58","modified_gmt":"2023-03-30T12:23:58","slug":"dkkif-pachnidlo","status":"publish","type":"mec-events","link":"https:\/\/bpzoliborz.pl\/bpzoliborz\/index.php\/events\/dkkif-pachnidlo\/","title":{"rendered":"DKKiF &#8211; Pachnid\u0142o"},"content":{"rendered":"<p>B\u0119dziemy rozmawia\u0107 o ksi\u0105\u017cce \u201e<strong>Pachnid\u0142o<\/strong>\u201d niemieckiego pisarza Patricka S\u00fcskinda i ekranizacji pod tym samym tytu\u0142em w re\u017cyserii Toma Tykwera z 2006 roku.<\/p>\n<p><strong>Przypominamy, \u017ce w czasie spotkania (od 18) wypo\u017cyczalnia dla czytelnik\u00f3w jest zamkni\u0119ta.<\/strong><\/p>\n<p>&nbsp;<\/p>\n<p><strong>Pachnid\u0142o &#8211; Patrick S\u00fcskind<\/strong><\/p>\n<p>Metaforyczna opowie\u015b\u0107 o arty\u015bcie \u2013 geniuszu, kt\u00f3ry d\u0105\u017cy do osi\u0105gni\u0119cia idea\u0142u w uprawianej przez siebie ga\u0142\u0119zi sztuki \u2013 za wszelk\u0105 cen\u0119. Jean-Baptysta Grenouille jest synem synem handlarki rybami, urodzony dos\u0142ownie w paryskim rynsztoku w XVIII wieku. Autystyczny ch\u0142opiec cudem prze\u017cywa w nieludzkich warunkach n\u0119dzy i poni\u017cenia. Obdarzony talentem rozr\u00f3\u017cniania tysi\u0119cy zapach\u00f3w, sam pozbawiony zapachu, potrafi wytwarza\u0107 z najdziwniejszych sk\u0142adnik\u00f3w nowe aromaty. S\u0119k w tym, \u017ce Jeana-Baptyst\u0119 ogrania obsesja: chce stworzy\u0107 aromat doskona\u0142y, esencj\u0119 pi\u0119kna i mi\u0142o\u015bci. W d\u0105\u017ceniu do tego celu pope\u0142nia liczne zbrodnie, bowiem niezb\u0119dnym elementem cudownej mikstury staje si\u0119 zapach wydestylowany z cia\u0142a kobiety \u2013 dziewicy. Morduj\u0105c szuka tej w\u0142a\u015bciwej, jedynej i niezast\u0105pionej \u2013 nie tyle kobiety, cz\u0142owieka, ale jedynie \u017ar\u00f3d\u0142a zapachu.<\/p>\n<p>Dokonana przez Toma Tykwera, ekranizacja bestsellerowej powie\u015bci Patricka S\u00fcskinda by\u0142a w chwili premiery najdro\u017csz\u0105 produkcj\u0105 europejsk\u0105, maj\u0105c\u0105 w zamiarze tw\u00f3rc\u00f3w stworzy\u0107 nowy kanon filmu kostiumowego, przystosowany do nowoczesnej technologii i preferencji wsp\u00f3\u0142czesnego widza. St\u0105d faktograficzna dos\u0142owno\u015b\u0107 literackiego opisu przeniesiona na ekran z pietyzmem dla detalu, st\u0105d te\u017c wysmakowana scenografia i charakteryzacja (autorstwa Polaka, Waldemara Pokromskiego), podkre\u015blona mistrzowsk\u0105 fotografi\u0105 Franka Griebe. Wszystko to staje si\u0119 niezb\u0119dnym sk\u0142adnikiem wyrafinowanej metafory, koncentruj\u0105cej si\u0119 na procesie artystycznej kreacji, ale i istocie relacji mi\u0119dzy jednostk\u0105 wra\u017cliw\u0105 i reszt\u0105 spo\u0142ecze\u0144stwa. \u201ePachnid\u0142o: historia mordercy\u201d przynios\u0142o swoim tw\u00f3rcom dwie Europejskie Nagrody Filmowe \u2013 za zdj\u0119cia i scenografi\u0119.<\/p>\n<p>&nbsp;<\/p>\n<p>\u0179r\u00f3d\u0142o: lubimyczytac.pl, www.sfp.org.pl<\/p>\n<p>&nbsp;<\/p>\n<p>Zdj\u0119cie: plakat do filmu Pachnid\u0142o, autor <a href=\"https:\/\/twitter.com\/lou2209\">@lou2209<\/a><\/p>\n<p>Logo DKKiF: Book by Komkrit Noenpoempisut from the Noun Project<\/p>\n","protected":false},"excerpt":{"rendered":"<p>B\u0119dziemy rozmawia\u0107 o ksi\u0105\u017cce \u201ePachnid\u0142o\u201d niemieckiego pisarza Patricka S\u00fcskinda i ekranizacji pod tym samym tytu\u0142em w re\u017cyserii Toma Tykwera z 2006 roku. Przypominamy, \u017ce w czasie spotkania (od 18) wypo\u017cyczalnia dla czytelnik\u00f3w jest zamkni\u0119ta. &nbsp; Pachnid\u0142o &#8211; Patrick S\u00fcskind Metaforyczna opowie\u015b\u0107 o arty\u015bcie \u2013 geniuszu, kt\u00f3ry d\u0105\u017cy do osi\u0105gni\u0119cia idea\u0142u w uprawianej przez siebie ga\u0142\u0119zi&hellip;&nbsp;<a href=\"https:\/\/bpzoliborz.pl\/bpzoliborz\/index.php\/events\/dkkif-pachnidlo\/\" class=\"\" rel=\"bookmark\">Czytaj wi\u0119cej &raquo;<span class=\"screen-reader-text\">DKKiF &#8211; Pachnid\u0142o<\/span><\/a><\/p>\n","protected":false},"author":9,"featured_media":15396,"comment_status":"closed","ping_status":"closed","template":"","tags":[104,869,870,871],"mec_category":[24],"_links":{"self":[{"href":"https:\/\/bpzoliborz.pl\/bpzoliborz\/index.php\/wp-json\/wp\/v2\/mec-events\/15398"}],"collection":[{"href":"https:\/\/bpzoliborz.pl\/bpzoliborz\/index.php\/wp-json\/wp\/v2\/mec-events"}],"about":[{"href":"https:\/\/bpzoliborz.pl\/bpzoliborz\/index.php\/wp-json\/wp\/v2\/types\/mec-events"}],"author":[{"embeddable":true,"href":"https:\/\/bpzoliborz.pl\/bpzoliborz\/index.php\/wp-json\/wp\/v2\/users\/9"}],"replies":[{"embeddable":true,"href":"https:\/\/bpzoliborz.pl\/bpzoliborz\/index.php\/wp-json\/wp\/v2\/comments?post=15398"}],"version-history":[{"count":1,"href":"https:\/\/bpzoliborz.pl\/bpzoliborz\/index.php\/wp-json\/wp\/v2\/mec-events\/15398\/revisions"}],"predecessor-version":[{"id":15399,"href":"https:\/\/bpzoliborz.pl\/bpzoliborz\/index.php\/wp-json\/wp\/v2\/mec-events\/15398\/revisions\/15399"}],"wp:featuredmedia":[{"embeddable":true,"href":"https:\/\/bpzoliborz.pl\/bpzoliborz\/index.php\/wp-json\/wp\/v2\/media\/15396"}],"wp:attachment":[{"href":"https:\/\/bpzoliborz.pl\/bpzoliborz\/index.php\/wp-json\/wp\/v2\/media?parent=15398"}],"wp:term":[{"taxonomy":"post_tag","embeddable":true,"href":"https:\/\/bpzoliborz.pl\/bpzoliborz\/index.php\/wp-json\/wp\/v2\/tags?post=15398"},{"taxonomy":"mec_category","embeddable":true,"href":"https:\/\/bpzoliborz.pl\/bpzoliborz\/index.php\/wp-json\/wp\/v2\/mec_category?post=15398"}],"curies":[{"name":"wp","href":"https:\/\/api.w.org\/{rel}","templated":true}]}}

DKKiF &#8211; Pachnidło

<p>Będziemy rozmawiać o książce „<strong>Pachnidło</strong>” niemieckiego pisarza Patricka Süskinda i ekranizacji pod tym samym tytułem w reżyserii Toma Tykwera z 2006 roku.</p>
<p><strong>Przypominamy, że w czasie spotkania (od 18) wypożyczalnia dla czytelników jest zamknięta.</strong></p>
<p>&nbsp;</p>
<p><strong>Pachnidło &#8211; Patrick Süskind</strong></p>
<p>Metaforyczna opowieść o artyście – geniuszu, który dąży do osiągnięcia ideału w uprawianej przez siebie gałęzi sztuki – za wszelką cenę. Jean-Baptysta Grenouille jest synem synem handlarki rybami, urodzony dosłownie w paryskim rynsztoku w XVIII wieku. Autystyczny chłopiec cudem przeżywa w nieludzkich warunkach nędzy i poniżenia. Obdarzony talentem rozróżniania tysięcy zapachów, sam pozbawiony zapachu, potrafi wytwarzać z najdziwniejszych składników nowe aromaty. Sęk w tym, że Jeana-Baptystę ogrania obsesja: chce stworzyć aromat doskonały, esencję piękna i miłości. W dążeniu do tego celu popełnia liczne zbrodnie, bowiem niezbędnym elementem cudownej mikstury staje się zapach wydestylowany z ciała kobiety – dziewicy. Mordując szuka tej właściwej, jedynej i niezastąpionej – nie tyle kobiety, człowieka, ale jedynie źródła zapachu.</p>
<p>Dokonana przez Toma Tykwera, ekranizacja bestsellerowej powieści Patricka Süskinda była w chwili premiery najdroższą produkcją europejską, mającą w zamiarze twórców stworzyć nowy kanon filmu kostiumowego, przystosowany do nowoczesnej technologii i preferencji współczesnego widza. Stąd faktograficzna dosłowność literackiego opisu przeniesiona na ekran z pietyzmem dla detalu, stąd też wysmakowana scenografia i charakteryzacja (autorstwa Polaka, Waldemara Pokromskiego), podkreślona mistrzowską fotografią Franka Griebe. Wszystko to staje się niezbędnym składnikiem wyrafinowanej metafory, koncentrującej się na procesie artystycznej kreacji, ale i istocie relacji między jednostką wrażliwą i resztą społeczeństwa. „Pachnidło: historia mordercy” przyniosło swoim twórcom dwie Europejskie Nagrody Filmowe – za zdjęcia i scenografię.</p>
<p>&nbsp;</p>
<p>Źródło: lubimyczytac.pl, www.sfp.org.pl</p>
<p>&nbsp;</p>
<p>Zdjęcie: plakat do filmu Pachnidło, autor <a href="https://twitter.com/lou2209">@lou2209</a></p>
<p>Logo DKKiF: Book by Komkrit Noenpoempisut from the Noun Project</p>

<p>Będziemy rozmawiać o książce „Pachnidło” niemieckiego pisarza Patricka Süskinda i ekranizacji pod tym samym tytułem w reżyserii Toma Tykwera z 2006 roku. Przypominamy, że w czasie spotkania (od 18) wypożyczalnia dla czytelników jest zamknięta. &nbsp; Pachnidło &#8211; Patrick Süskind Metaforyczna opowieść o artyście – geniuszu, który dąży do osiągnięcia ideału w uprawianej przez siebie gałęzi&hellip;&nbsp;<a href="https://bpzoliborz.pl/bpzoliborz/index.php/events/dkkif-pachnidlo/" class="" rel="bookmark">Czytaj więcej &raquo;<span class="screen-reader-text">DKKiF &#8211; Pachnidło</span></a></p>
