{"id":14295,"date":"2022-12-15T15:48:22","date_gmt":"2022-12-15T14:48:22","guid":{"rendered":"https:\/\/bpzoliborz.pl\/bpzoliborz\/?post_type=mec-events&#038;p=14295"},"modified":"2023-02-28T12:03:08","modified_gmt":"2023-02-28T11:03:08","slug":"dkkif-zimna-gora-wzgorze-nadziei","status":"publish","type":"mec-events","link":"https:\/\/bpzoliborz.pl\/bpzoliborz\/index.php\/events\/dkkif-zimna-gora-wzgorze-nadziei\/","title":{"rendered":"DKKiF \u2013 Zimna g\u00f3ra \/ Wzg\u00f3rze nadziei"},"content":{"rendered":"<p>B\u0119dziemy rozmawia\u0107 o ksi\u0105\u017cce \u201e<strong>Zimna g\u00f3ra<\/strong>\u201d Charlesa Fraziera i ekranizacji pod tytu\u0142em \u201e<strong>Wzg\u00f3rze nadziei<\/strong>&#8221; w re\u017cyserii Anthony&#8217;ego Minghelli.<\/p>\n<p><strong>Przypominamy, \u017ce w czasie spotkania (od 18) wypo\u017cyczalnia dla czytelnik\u00f3w jest zamkni\u0119ta.<\/strong><\/p>\n<p>&nbsp;<\/p>\n<p><strong>Zimna g\u00f3ra &#8211; Charles Frazier<\/strong><\/p>\n<p>Raniony w bitwie Inman, \u017co\u0142nierz walcz\u0105cy po stronie konfederat\u00f3w w wojnie secesyjnej, dezerteruje z wojska i rozpoczyna w\u0119dr\u00f3wk\u0119 do swej ukochanej. W czasie odysei przez zrujnowane ziemie Po\u0142udnia widzi gwa\u0142ty i mordy pope\u0142niane zar\u00f3wno przez wojska federalne, cofaj\u0105cych si\u0119 konfederat\u00f3w, jak i wojennych maruder\u00f3w. Tymczasem ukochana Inmana, Ada, wraca na doszcz\u0119tnie spustoszon\u0105 farm\u0119 swego ojca i walczy o przetrwanie. Fabu\u0142a, cho\u0107 przywo\u0142uje \u015bwiat miniony, przemawia do cz\u0142owieka naszych czas\u00f3w.\u00a0 Przedstawiona z rozmachem opowie\u015b\u0107 o mi\u0142o\u015bci w czasach wojny secesyjnej, rozpaczy, t\u0119sknocie i woli przetrwania dotyka najg\u0142\u0119bszych pok\u0142ad\u00f3w naszego cz\u0142owiecze\u0144stwa.<\/p>\n<p>Wzg\u00f3rze nadziei jest filmem nietypowym, \u015bmigaj\u0105cym po czasach i wydarzeniach, wi\u0119c warto od samego pocz\u0105tku czujnie wpatrywa\u0107 si\u0119 w ekran i \u0142owi\u0107 wydarzenia i wskaz\u00f3wki. Ta opowie\u015b\u0107 o mi\u0142o\u015bci dwojga m\u0142odych rozdzielonych przez wojn\u0119 oparta jest o za\u0142o\u017cenie niezwyk\u0142e (cho\u0107 nie nierealne) i toczy si\u0119 w spos\u00f3b trudny do opisania.<\/p>\n<div class=\"text\">Wzg\u00f3rze nadziei jest wi\u0119c zbiorem epizod\u00f3w powi\u0105zanych ze sob\u0105 tak lu\u017ano, jak para g\u0142\u00f3wnych bohater\u00f3w. Te wydarzenia, nanizane na ni\u0107 d\u0105\u017cenia dwojga m\u0142odych ludzi do siebie, s\u0105 w zasadzie odr\u0119bnymi opowie\u015bciami, pokazuj\u0105cymi r\u00f3\u017cne ludzkie postawy. Zatrudniono do nich jednak \u015bwietnych aktor\u00f3w, dzi\u0119ki czemu ka\u017cdy przemawia do widza i wzbogaca jego kinowe prze\u017cycie.<\/div>\n<div><\/div>\n<div class=\"text\">Ten film jest bowiem prze\u017cyciem. Z ka\u017cd\u0105 scen\u0105 widz ma coraz wi\u0119ksz\u0105 nadziej\u0119 na to, \u017ce w tym zwariowanym \u015bwiecie chocia\u017c tym dwojgu uda si\u0119 stworzy\u0107 co\u015b dobrego, co\u015b co przetrwa te okropie\u0144stwa i dotrwa lepszych czas\u00f3w. I oczekiwania te zostan\u0105 spe\u0142nione, cho\u0107 &#8220;Wzg\u00f3rze nadziei&#8221; bynajmniej nie ko\u0144czy si\u0119 po hollywoodzku.<\/div>\n<p>&nbsp;<\/p>\n<p>\u0179r\u00f3d\u0142o: lubimyczytac.pl, esensja.pl<\/p>\n<p>Zdj\u0119cie: fotosy z filmu Wzg\u00f3rze nadziei, Miramax Films<br \/>\nLogo DKKiF: Book by Komkrit Noenpoempisut from the Noun Project<\/p>\n","protected":false},"excerpt":{"rendered":"<p>B\u0119dziemy rozmawia\u0107 o ksi\u0105\u017cce \u201eZimna g\u00f3ra\u201d Charlesa Fraziera i ekranizacji pod tytu\u0142em \u201eWzg\u00f3rze nadziei&#8221; w re\u017cyserii Anthony&#8217;ego Minghelli. Przypominamy, \u017ce w czasie spotkania (od 18) wypo\u017cyczalnia dla czytelnik\u00f3w jest zamkni\u0119ta. &nbsp; Zimna g\u00f3ra &#8211; Charles Frazier Raniony w bitwie Inman, \u017co\u0142nierz walcz\u0105cy po stronie konfederat\u00f3w w wojnie secesyjnej, dezerteruje z wojska i rozpoczyna w\u0119dr\u00f3wk\u0119 do&hellip;&nbsp;<a href=\"https:\/\/bpzoliborz.pl\/bpzoliborz\/index.php\/events\/dkkif-zimna-gora-wzgorze-nadziei\/\" class=\"\" rel=\"bookmark\">Czytaj wi\u0119cej &raquo;<span class=\"screen-reader-text\">DKKiF \u2013 Zimna g\u00f3ra \/ Wzg\u00f3rze nadziei<\/span><\/a><\/p>\n","protected":false},"author":9,"featured_media":14298,"comment_status":"closed","ping_status":"closed","template":"","tags":[779,104,777,778],"mec_category":[24],"_links":{"self":[{"href":"https:\/\/bpzoliborz.pl\/bpzoliborz\/index.php\/wp-json\/wp\/v2\/mec-events\/14295"}],"collection":[{"href":"https:\/\/bpzoliborz.pl\/bpzoliborz\/index.php\/wp-json\/wp\/v2\/mec-events"}],"about":[{"href":"https:\/\/bpzoliborz.pl\/bpzoliborz\/index.php\/wp-json\/wp\/v2\/types\/mec-events"}],"author":[{"embeddable":true,"href":"https:\/\/bpzoliborz.pl\/bpzoliborz\/index.php\/wp-json\/wp\/v2\/users\/9"}],"replies":[{"embeddable":true,"href":"https:\/\/bpzoliborz.pl\/bpzoliborz\/index.php\/wp-json\/wp\/v2\/comments?post=14295"}],"version-history":[{"count":2,"href":"https:\/\/bpzoliborz.pl\/bpzoliborz\/index.php\/wp-json\/wp\/v2\/mec-events\/14295\/revisions"}],"predecessor-version":[{"id":15171,"href":"https:\/\/bpzoliborz.pl\/bpzoliborz\/index.php\/wp-json\/wp\/v2\/mec-events\/14295\/revisions\/15171"}],"wp:featuredmedia":[{"embeddable":true,"href":"https:\/\/bpzoliborz.pl\/bpzoliborz\/index.php\/wp-json\/wp\/v2\/media\/14298"}],"wp:attachment":[{"href":"https:\/\/bpzoliborz.pl\/bpzoliborz\/index.php\/wp-json\/wp\/v2\/media?parent=14295"}],"wp:term":[{"taxonomy":"post_tag","embeddable":true,"href":"https:\/\/bpzoliborz.pl\/bpzoliborz\/index.php\/wp-json\/wp\/v2\/tags?post=14295"},{"taxonomy":"mec_category","embeddable":true,"href":"https:\/\/bpzoliborz.pl\/bpzoliborz\/index.php\/wp-json\/wp\/v2\/mec_category?post=14295"}],"curies":[{"name":"wp","href":"https:\/\/api.w.org\/{rel}","templated":true}]}}

DKKiF – Zimna góra / Wzgórze nadziei

<p>Będziemy rozmawiać o książce „<strong>Zimna góra</strong>” Charlesa Fraziera i ekranizacji pod tytułem „<strong>Wzgórze nadziei</strong>&#8221; w reżyserii Anthony&#8217;ego Minghelli.</p>
<p><strong>Przypominamy, że w czasie spotkania (od 18) wypożyczalnia dla czytelników jest zamknięta.</strong></p>
<p>&nbsp;</p>
<p><strong>Zimna góra &#8211; Charles Frazier</strong></p>
<p>Raniony w bitwie Inman, żołnierz walczący po stronie konfederatów w wojnie secesyjnej, dezerteruje z wojska i rozpoczyna wędrówkę do swej ukochanej. W czasie odysei przez zrujnowane ziemie Południa widzi gwałty i mordy popełniane zarówno przez wojska federalne, cofających się konfederatów, jak i wojennych maruderów. Tymczasem ukochana Inmana, Ada, wraca na doszczętnie spustoszoną farmę swego ojca i walczy o przetrwanie. Fabuła, choć przywołuje świat miniony, przemawia do człowieka naszych czasów.  Przedstawiona z rozmachem opowieść o miłości w czasach wojny secesyjnej, rozpaczy, tęsknocie i woli przetrwania dotyka najgłębszych pokładów naszego człowieczeństwa.</p>
<p>Wzgórze nadziei jest filmem nietypowym, śmigającym po czasach i wydarzeniach, więc warto od samego początku czujnie wpatrywać się w ekran i łowić wydarzenia i wskazówki. Ta opowieść o miłości dwojga młodych rozdzielonych przez wojnę oparta jest o założenie niezwykłe (choć nie nierealne) i toczy się w sposób trudny do opisania.</p>
<div class="text">Wzgórze nadziei jest więc zbiorem epizodów powiązanych ze sobą tak luźno, jak para głównych bohaterów. Te wydarzenia, nanizane na nić dążenia dwojga młodych ludzi do siebie, są w zasadzie odrębnymi opowieściami, pokazującymi różne ludzkie postawy. Zatrudniono do nich jednak świetnych aktorów, dzięki czemu każdy przemawia do widza i wzbogaca jego kinowe przeżycie.</div>
<div></div>
<div class="text">Ten film jest bowiem przeżyciem. Z każdą sceną widz ma coraz większą nadzieję na to, że w tym zwariowanym świecie chociaż tym dwojgu uda się stworzyć coś dobrego, coś co przetrwa te okropieństwa i dotrwa lepszych czasów. I oczekiwania te zostaną spełnione, choć &#8220;Wzgórze nadziei&#8221; bynajmniej nie kończy się po hollywoodzku.</div>
<p>&nbsp;</p>
<p>Źródło: lubimyczytac.pl, esensja.pl</p>
<p>Zdjęcie: fotosy z filmu Wzgórze nadziei, Miramax Films<br />
Logo DKKiF: Book by Komkrit Noenpoempisut from the Noun Project</p>

<p>Będziemy rozmawiać o książce „Zimna góra” Charlesa Fraziera i ekranizacji pod tytułem „Wzgórze nadziei&#8221; w reżyserii Anthony&#8217;ego Minghelli. Przypominamy, że w czasie spotkania (od 18) wypożyczalnia dla czytelników jest zamknięta. &nbsp; Zimna góra &#8211; Charles Frazier Raniony w bitwie Inman, żołnierz walczący po stronie konfederatów w wojnie secesyjnej, dezerteruje z wojska i rozpoczyna wędrówkę do&hellip;&nbsp;<a href="https://bpzoliborz.pl/bpzoliborz/index.php/events/dkkif-zimna-gora-wzgorze-nadziei/" class="" rel="bookmark">Czytaj więcej &raquo;<span class="screen-reader-text">DKKiF – Zimna góra / Wzgórze nadziei</span></a></p>
